{"id":19,"date":"2017-09-14T09:41:50","date_gmt":"2017-09-14T09:41:50","guid":{"rendered":"http:\/\/demo.harutheme.com\/clarivo\/?page_id=19"},"modified":"2026-03-07T13:43:18","modified_gmt":"2026-03-07T12:43:18","slug":"livraison-rapide-internationale","status":"publish","type":"page","link":"https:\/\/lapharmaciexpress.com\/?page_id=19","title":{"rendered":"Livraison"},"content":{"rendered":"<section class=\"wpb-content-wrapper\"><p>[vc_row][vc_column][vc_column_text]<\/p>\n<p class=\"\" data-start=\"89\" data-end=\"523\"><strong data-start=\"89\" data-end=\"116\">EXP\u00c9DITION ET LIVRAISON<\/strong><br data-start=\"116\" data-end=\"119\" \/>Nos colis sont exp\u00e9di\u00e9s depuis quatre pays : la Slovaquie, la Hongrie, la Lituanie, la R\u00e9publique Tch\u00e8que et Hong Kong. Les num\u00e9ros de suivi sont disponibles dans un d\u00e9lai de 3 jours apr\u00e8s la confirmation de la commande. Ceux-ci ne sont pas syst\u00e9matiquement envoy\u00e9s par e-mail, mais vous pouvez les obtenir sur simple demande aupr\u00e8s de notre service client.<br data-start=\"448\" data-end=\"451\" \/>Nous sommes joignables par e-mail, WhatsApp ou SMS au <span style=\"color: #333399;\"><strong>+33 6 69 93 50 55.<\/strong><\/span><\/p>\n<p class=\"\" data-start=\"525\" data-end=\"716\">En cas de perte ou de retour du colis, une nouvelle exp\u00e9dition sera automatiquement effectu\u00e9e. Si vous ne recevez toujours pas votre commande, un remboursement sera effectu\u00e9 sous 3 \u00e0 5 jours.<\/p>\n<p data-start=\"391\" data-end=\"433\"><strong data-start=\"391\" data-end=\"433\">SUIVI DE COLIS FACILIT\u00c9 POUR LE CLIENT<\/strong><\/p>\n<p data-start=\"435\" data-end=\"965\">Il peut arriver que, lors de la r\u00e9ception d\u2019un colis, le client rencontre des difficult\u00e9s pour localiser ou suivre son envoi. Si le suivi indique que la livraison est effectu\u00e9e mais que le colis n\u2019est pas re\u00e7u, le client doit d\u2019abord v\u00e9rifier sa bo\u00eete aux lettres ou son service de messagerie. En cas d&#8217;absence d&#8217;informations, il peut contacter le service de livraison pour signaler une \u00e9ventuelle perte du colis. En cas de besoin, une d\u00e9claration peut \u00e9galement \u00eatre faite aupr\u00e8s de la police ou de l\u2019organisme bancaire concern\u00e9.<\/p>\n<p data-start=\"967\" data-end=\"1002\"><strong data-start=\"967\" data-end=\"1002\">ENQU\u00caTE POUR LOCALISER LE COLIS<\/strong><\/p>\n<p data-start=\"1004\" data-end=\"1462\">Si le colis est toujours introuvable, le client peut demander l\u2019ouverture d\u2019une enqu\u00eate pour tenter de le localiser. Cette enqu\u00eate peut durer jusqu\u2019\u00e0 14 jours. Il est important de noter que la signature est requise lors de la r\u00e9ception du colis. Pour \u00e9viter toute absence au moment de la livraison, il est recommand\u00e9 de suivre l\u2019\u00e9tat de la commande \u00e0 l\u2019aide du syst\u00e8me de suivi, accessible depuis le compte du client sur notre site <a target=\"_new\" rel=\"noopener\" data-start=\"1436\" data-end=\"1461\">www.lapharmaciexpress.com<\/a>.<\/p>\n<p data-start=\"1464\" data-end=\"1812\">Si le client n\u2019est pas pr\u00e9sent lors de la livraison, le chauffeur pourra le contacter par t\u00e9l\u00e9phone, laisser un message ou proposer une nouvelle date de livraison. Si le client ne reprend pas contact avec la compagnie de livraison, le colis sera renvoy\u00e9 \u00e0 la pharmacie, et des frais suppl\u00e9mentaires peuvent s\u2019appliquer pour une nouvelle exp\u00e9dition.<\/p>\n<p data-start=\"1814\" data-end=\"1851\"><strong data-start=\"1814\" data-end=\"1851\">IMPLICATION DES M\u00c9DECINS AFFILI\u00c9S<\/strong><\/p>\n<p data-start=\"1853\" data-end=\"2379\">Les commandes de m\u00e9dicaments sont trait\u00e9es du lundi au vendredi. Elles sont envoy\u00e9es \u00e0 des m\u00e9decins affili\u00e9s qui v\u00e9rifient chaque demande avant de r\u00e9diger l&#8217;ordonnance n\u00e9cessaire. Une fois l&#8217;ordonnance valid\u00e9e, elle est envoy\u00e9e \u00e0 la pharmacie partenaire, qui pr\u00e9pare la commande pour exp\u00e9dition. Le client doit r\u00e9gler le co\u00fbt des m\u00e9dicaments et des frais de livraison, puis attendre entre deux et trois jours pour recevoir son colis. Lors de la livraison, une signature peut \u00eatre demand\u00e9e pour confirmer la r\u00e9ception du colis.<\/p>\n<p data-start=\"2381\" data-end=\"2403\"><strong data-start=\"2381\" data-end=\"2403\">ZONES DE LIVRAISON<\/strong><\/p>\n<p data-start=\"2405\" data-end=\"2768\" data-is-last-node=\"\" data-is-only-node=\"\">Nos colis peuvent \u00eatre livr\u00e9s dans de nombreux pays <strong>d&#8217;Europe, aux \u00c9tats-Unis, au Canada, ainsi qu\u2019en Martinique.<\/strong> Si vous avez des questions concernant l\u2019exp\u00e9dition ou la livraison, n\u2019h\u00e9sitez pas \u00e0 nous contacter par t\u00e9l\u00e9phone au <span style=\"color: #0000ff;\"><strong>+33669935055<\/strong><\/span>, par e-mail \u00e0 <strong><span style=\"color: #0000ff;\"><a style=\"color: #0000ff;\" rel=\"noopener\" data-start=\"2661\" data-end=\"2688\">lapharmaciexpress@gmail.com<\/a> <\/span><\/strong>ou par SMS. Un de nos agents vous fournira toutes les informations n\u00e9cessaires.<\/p>\n<p>[\/vc_column_text][\/vc_column][\/vc_row]<\/p>\n<\/section>","protected":false},"excerpt":{"rendered":"<p>[vc_row][vc_column][vc_column_text] EXP\u00c9DITION ET LIVRAISONNos colis sont exp\u00e9di\u00e9s depuis quatre pays : la Slovaquie, la Hongrie, la Lituanie, la R\u00e9publique Tch\u00e8que et Hong Kong. Les num\u00e9ros de suivi sont disponibles dans un d\u00e9lai de 3 jours apr\u00e8s la confirmation de la commande. Ceux-ci ne sont pas syst\u00e9matiquement envoy\u00e9s par e-mail, mais vous pouvez les obtenir sur [&hellip;]<\/p>\n","protected":false},"author":1,"featured_media":0,"parent":0,"menu_order":0,"comment_status":"closed","ping_status":"closed","template":"","meta":{"footnotes":""},"class_list":["post-19","page","type-page","status-publish","hentry","clearfix"],"yoast_head":"<!-- This site is optimized with the Yoast SEO plugin v27.5 - https:\/\/yoast.com\/product\/yoast-seo-wordpress\/ -->\n<title>Livraison - La Pharmacie Express<\/title>\n<meta name=\"description\" content=\"D\u00e9couvrez nos options de livraison rapide et internationale pour vos commandes de m\u00e9dicaments. Suivez vos colis en temps r\u00e9el et b\u00e9n\u00e9ficiez d\u2019un service client r\u00e9actif pour toute question concernant l&#039;exp\u00e9dition et la r\u00e9ception de vos produits.\" \/>\n<meta name=\"robots\" content=\"index, follow, max-snippet:-1, max-image-preview:large, max-video-preview:-1\" \/>\n<link rel=\"canonical\" href=\"https:\/\/lapharmaciexpress.com\/?page_id=19\" \/>\n<meta property=\"og:locale\" content=\"fr_FR\" \/>\n<meta property=\"og:type\" content=\"article\" \/>\n<meta property=\"og:title\" content=\"Livraison - La Pharmacie Express\" \/>\n<meta property=\"og:description\" content=\"D\u00e9couvrez nos options de livraison rapide et internationale pour vos commandes de m\u00e9dicaments. Suivez vos colis en temps r\u00e9el et b\u00e9n\u00e9ficiez d\u2019un service client r\u00e9actif pour toute question concernant l&#039;exp\u00e9dition et la r\u00e9ception de vos produits.\" \/>\n<meta property=\"og:url\" content=\"https:\/\/lapharmaciexpress.com\/?page_id=19\" \/>\n<meta property=\"og:site_name\" content=\"La Pharmacie Express\" \/>\n<meta property=\"article:modified_time\" content=\"2026-03-07T12:43:18+00:00\" \/>\n<meta name=\"twitter:card\" content=\"summary_large_image\" \/>\n<meta name=\"twitter:label1\" content=\"Dur\u00e9e de lecture estim\u00e9e\" \/>\n\t<meta name=\"twitter:data1\" content=\"3 minutes\" \/>\n<script type=\"application\/ld+json\" class=\"yoast-schema-graph\">{\"@context\":\"https:\\\/\\\/schema.org\",\"@graph\":[{\"@type\":\"WebPage\",\"@id\":\"https:\\\/\\\/lapharmaciexpress.com\\\/?page_id=19\",\"url\":\"https:\\\/\\\/lapharmaciexpress.com\\\/?page_id=19\",\"name\":\"Livraison - La Pharmacie Express\",\"isPartOf\":{\"@id\":\"https:\\\/\\\/lapharmaciexpress.com\\\/#website\"},\"datePublished\":\"2017-09-14T09:41:50+00:00\",\"dateModified\":\"2026-03-07T12:43:18+00:00\",\"description\":\"D\u00e9couvrez nos options de livraison rapide et internationale pour vos commandes de m\u00e9dicaments. Suivez vos colis en temps r\u00e9el et b\u00e9n\u00e9ficiez d\u2019un service client r\u00e9actif pour toute question concernant l'exp\u00e9dition et la r\u00e9ception de vos produits.\",\"breadcrumb\":{\"@id\":\"https:\\\/\\\/lapharmaciexpress.com\\\/?page_id=19#breadcrumb\"},\"inLanguage\":\"fr-FR\",\"potentialAction\":[{\"@type\":\"ReadAction\",\"target\":[\"https:\\\/\\\/lapharmaciexpress.com\\\/?page_id=19\"]}]},{\"@type\":\"BreadcrumbList\",\"@id\":\"https:\\\/\\\/lapharmaciexpress.com\\\/?page_id=19#breadcrumb\",\"itemListElement\":[{\"@type\":\"ListItem\",\"position\":1,\"name\":\"Accueil\",\"item\":\"https:\\\/\\\/lapharmaciexpress.com\\\/\"},{\"@type\":\"ListItem\",\"position\":2,\"name\":\"Livraison\"}]},{\"@type\":\"WebSite\",\"@id\":\"https:\\\/\\\/lapharmaciexpress.com\\\/#website\",\"url\":\"https:\\\/\\\/lapharmaciexpress.com\\\/\",\"name\":\"La Pharmacie Express\",\"description\":\"La pharmacie en ligne\",\"publisher\":{\"@id\":\"https:\\\/\\\/lapharmaciexpress.com\\\/#organization\"},\"potentialAction\":[{\"@type\":\"SearchAction\",\"target\":{\"@type\":\"EntryPoint\",\"urlTemplate\":\"https:\\\/\\\/lapharmaciexpress.com\\\/?s={search_term_string}\"},\"query-input\":{\"@type\":\"PropertyValueSpecification\",\"valueRequired\":true,\"valueName\":\"search_term_string\"}}],\"inLanguage\":\"fr-FR\"},{\"@type\":\"Organization\",\"@id\":\"https:\\\/\\\/lapharmaciexpress.com\\\/#organization\",\"name\":\"La Pharmacie Express\",\"url\":\"https:\\\/\\\/lapharmaciexpress.com\\\/\",\"logo\":{\"@type\":\"ImageObject\",\"inLanguage\":\"fr-FR\",\"@id\":\"https:\\\/\\\/lapharmaciexpress.com\\\/#\\\/schema\\\/logo\\\/image\\\/\",\"url\":\"https:\\\/\\\/lapharmaciexpress.com\\\/wp-content\\\/uploads\\\/2019\\\/07\\\/ico-Lapharmacie-express.png\",\"contentUrl\":\"https:\\\/\\\/lapharmaciexpress.com\\\/wp-content\\\/uploads\\\/2019\\\/07\\\/ico-Lapharmacie-express.png\",\"width\":362,\"height\":300,\"caption\":\"La Pharmacie Express\"},\"image\":{\"@id\":\"https:\\\/\\\/lapharmaciexpress.com\\\/#\\\/schema\\\/logo\\\/image\\\/\"}}]}<\/script>\n<!-- \/ Yoast SEO plugin. -->","yoast_head_json":{"title":"Livraison - La Pharmacie Express","description":"D\u00e9couvrez nos options de livraison rapide et internationale pour vos commandes de m\u00e9dicaments. Suivez vos colis en temps r\u00e9el et b\u00e9n\u00e9ficiez d\u2019un service client r\u00e9actif pour toute question concernant l'exp\u00e9dition et la r\u00e9ception de vos produits.","robots":{"index":"index","follow":"follow","max-snippet":"max-snippet:-1","max-image-preview":"max-image-preview:large","max-video-preview":"max-video-preview:-1"},"canonical":"https:\/\/lapharmaciexpress.com\/?page_id=19","og_locale":"fr_FR","og_type":"article","og_title":"Livraison - La Pharmacie Express","og_description":"D\u00e9couvrez nos options de livraison rapide et internationale pour vos commandes de m\u00e9dicaments. Suivez vos colis en temps r\u00e9el et b\u00e9n\u00e9ficiez d\u2019un service client r\u00e9actif pour toute question concernant l'exp\u00e9dition et la r\u00e9ception de vos produits.","og_url":"https:\/\/lapharmaciexpress.com\/?page_id=19","og_site_name":"La Pharmacie Express","article_modified_time":"2026-03-07T12:43:18+00:00","twitter_card":"summary_large_image","twitter_misc":{"Dur\u00e9e de lecture estim\u00e9e":"3 minutes"},"schema":{"@context":"https:\/\/schema.org","@graph":[{"@type":"WebPage","@id":"https:\/\/lapharmaciexpress.com\/?page_id=19","url":"https:\/\/lapharmaciexpress.com\/?page_id=19","name":"Livraison - La Pharmacie Express","isPartOf":{"@id":"https:\/\/lapharmaciexpress.com\/#website"},"datePublished":"2017-09-14T09:41:50+00:00","dateModified":"2026-03-07T12:43:18+00:00","description":"D\u00e9couvrez nos options de livraison rapide et internationale pour vos commandes de m\u00e9dicaments. Suivez vos colis en temps r\u00e9el et b\u00e9n\u00e9ficiez d\u2019un service client r\u00e9actif pour toute question concernant l'exp\u00e9dition et la r\u00e9ception de vos produits.","breadcrumb":{"@id":"https:\/\/lapharmaciexpress.com\/?page_id=19#breadcrumb"},"inLanguage":"fr-FR","potentialAction":[{"@type":"ReadAction","target":["https:\/\/lapharmaciexpress.com\/?page_id=19"]}]},{"@type":"BreadcrumbList","@id":"https:\/\/lapharmaciexpress.com\/?page_id=19#breadcrumb","itemListElement":[{"@type":"ListItem","position":1,"name":"Accueil","item":"https:\/\/lapharmaciexpress.com\/"},{"@type":"ListItem","position":2,"name":"Livraison"}]},{"@type":"WebSite","@id":"https:\/\/lapharmaciexpress.com\/#website","url":"https:\/\/lapharmaciexpress.com\/","name":"La Pharmacie Express","description":"La pharmacie en ligne","publisher":{"@id":"https:\/\/lapharmaciexpress.com\/#organization"},"potentialAction":[{"@type":"SearchAction","target":{"@type":"EntryPoint","urlTemplate":"https:\/\/lapharmaciexpress.com\/?s={search_term_string}"},"query-input":{"@type":"PropertyValueSpecification","valueRequired":true,"valueName":"search_term_string"}}],"inLanguage":"fr-FR"},{"@type":"Organization","@id":"https:\/\/lapharmaciexpress.com\/#organization","name":"La Pharmacie Express","url":"https:\/\/lapharmaciexpress.com\/","logo":{"@type":"ImageObject","inLanguage":"fr-FR","@id":"https:\/\/lapharmaciexpress.com\/#\/schema\/logo\/image\/","url":"https:\/\/lapharmaciexpress.com\/wp-content\/uploads\/2019\/07\/ico-Lapharmacie-express.png","contentUrl":"https:\/\/lapharmaciexpress.com\/wp-content\/uploads\/2019\/07\/ico-Lapharmacie-express.png","width":362,"height":300,"caption":"La Pharmacie Express"},"image":{"@id":"https:\/\/lapharmaciexpress.com\/#\/schema\/logo\/image\/"}}]}},"jetpack_sharing_enabled":true,"_links":{"self":[{"href":"https:\/\/lapharmaciexpress.com\/index.php?rest_route=\/wp\/v2\/pages\/19","targetHints":{"allow":["GET"]}}],"collection":[{"href":"https:\/\/lapharmaciexpress.com\/index.php?rest_route=\/wp\/v2\/pages"}],"about":[{"href":"https:\/\/lapharmaciexpress.com\/index.php?rest_route=\/wp\/v2\/types\/page"}],"author":[{"embeddable":true,"href":"https:\/\/lapharmaciexpress.com\/index.php?rest_route=\/wp\/v2\/users\/1"}],"replies":[{"embeddable":true,"href":"https:\/\/lapharmaciexpress.com\/index.php?rest_route=%2Fwp%2Fv2%2Fcomments&post=19"}],"version-history":[{"count":10,"href":"https:\/\/lapharmaciexpress.com\/index.php?rest_route=\/wp\/v2\/pages\/19\/revisions"}],"predecessor-version":[{"id":4310,"href":"https:\/\/lapharmaciexpress.com\/index.php?rest_route=\/wp\/v2\/pages\/19\/revisions\/4310"}],"wp:attachment":[{"href":"https:\/\/lapharmaciexpress.com\/index.php?rest_route=%2Fwp%2Fv2%2Fmedia&parent=19"}],"curies":[{"name":"wp","href":"https:\/\/api.w.org\/{rel}","templated":true}]}}