{"id":1520,"date":"2019-05-29T18:47:16","date_gmt":"2019-05-29T16:47:16","guid":{"rendered":"http:\/\/lapharmaciexpress.com\/?post_type=product&#038;p=1520"},"modified":"2025-02-09T13:21:38","modified_gmt":"2025-02-09T12:21:38","slug":"acheter-cialis-soft-20mg-en-ligne-effet-rapide","status":"publish","type":"product","link":"https:\/\/lapharmaciexpress.com\/?product=acheter-cialis-soft-20mg-en-ligne-effet-rapide","title":{"rendered":"Cialis soft 20mg"},"content":{"rendered":"<p>Cialis Soft 20 mg \u2013 Action Rapide et Effet Longue Dur\u00e9e<\/p>\n<p>Cialis Soft 20 mg est une version am\u00e9lior\u00e9e du Cialis classique, sp\u00e9cialement con\u00e7ue pour une absorption plus rapide et un effet prolong\u00e9. Gr\u00e2ce \u00e0 son principe actif, le tadalafil 20 mg, ce traitement contre la dysfonction \u00e9rectile agit en 15 \u00e0 20 minutes, bien plus rapidement qu\u2019un comprim\u00e9 standard. Son effet peut durer jusqu&#8217;\u00e0 36 heures, offrant ainsi plus de flexibilit\u00e9 et de spontan\u00e9it\u00e9 pour vos rapports intimes. Cialis Soft se pr\u00e9sente sous forme de comprim\u00e9s \u00e0 dissolution sublinguale, permettant une assimilation rapide dans le sang pour une action imm\u00e9diate et efficace.<\/p>\n<p>Posologie et Administration :<br \/>\nPlacez 1 comprim\u00e9 de Cialis Soft 20 mg sous la langue, 15 \u00e0 20 minutes avant l\u2019activit\u00e9 sexuelle<br \/>\nNe d\u00e9passez pas une prise par jour<br \/>\nEffets Secondaires Possibles :<br \/>\nMaux de t\u00eate, rougeurs du visage<br \/>\nTroubles digestifs, congestion nasale<br \/>\nL\u00e9gers vertiges, variations de la pression art\u00e9rielle<\/p>\n","protected":false},"excerpt":{"rendered":"<p>Cialis Soft 20 mg est une alternative rapide et efficace au Cialis classique, con\u00e7u pour une absorption sublinguale imm\u00e9diate et un effet prolong\u00e9 jusqu\u2019\u00e0 36 heures. Son principe actif, le tadalafil 20 mg, stimule le flux sanguin vers le p\u00e9nis pour une \u00e9rection naturelle et durable. Achetez Cialis Soft 20 mg sur la Pharmacie Express, avec une livraison rapide et s\u00e9curis\u00e9e.<\/p>\n","protected":false},"featured_media":1529,"comment_status":"open","ping_status":"closed","template":"","meta":[],"pwb-brand":[],"product_brand":[],"product_cat":[19],"product_tag":[131],"class_list":{"0":"post-1520","1":"product","2":"type-product","3":"status-publish","4":"has-post-thumbnail","6":"product_cat-dysfonction-erectile","7":"product_tag-cialis","8":"clearfix","10":"first","11":"instock","12":"taxable","13":"shipping-taxable","14":"purchasable","15":"product-type-variable"},"yoast_head":"<!-- This site is optimized with the Yoast SEO plugin v27.4 - https:\/\/yoast.com\/product\/yoast-seo-wordpress\/ -->\n<title>Acheter Cialis Soft 20 mg en Ligne \u2013 Effet Rapide et Longue Dur\u00e9e - La Pharmacie Express<\/title>\n<meta name=\"description\" content=\"Commandez Cialis Soft 20 mg sur Pharmacie Express pour un effet imm\u00e9diat et prolong\u00e9 contre la dysfonction \u00e9rectile. Action en 15 minutes, livraison rapide.\" \/>\n<meta name=\"robots\" content=\"index, follow, max-snippet:-1, max-image-preview:large, max-video-preview:-1\" \/>\n<link rel=\"canonical\" href=\"https:\/\/lapharmaciexpress.com\/?product=acheter-cialis-soft-20mg-en-ligne-effet-rapide\" \/>\n<meta property=\"og:locale\" content=\"fr_FR\" \/>\n<meta property=\"og:type\" content=\"article\" \/>\n<meta property=\"og:title\" content=\"Acheter Cialis Soft 20 mg en Ligne \u2013 Effet Rapide et Longue Dur\u00e9e - La Pharmacie Express\" \/>\n<meta property=\"og:description\" content=\"Commandez Cialis Soft 20 mg sur Pharmacie Express pour un effet imm\u00e9diat et prolong\u00e9 contre la dysfonction \u00e9rectile. Action en 15 minutes, livraison rapide.\" \/>\n<meta property=\"og:url\" content=\"https:\/\/lapharmaciexpress.com\/?product=acheter-cialis-soft-20mg-en-ligne-effet-rapide\" \/>\n<meta property=\"og:site_name\" content=\"La Pharmacie Express\" \/>\n<meta property=\"article:modified_time\" content=\"2025-02-09T12:21:38+00:00\" \/>\n<meta property=\"og:image\" content=\"https:\/\/lapharmaciexpress.com\/wp-content\/uploads\/2019\/05\/cialis-soft-tabs.jpg\" \/>\n\t<meta property=\"og:image:width\" content=\"600\" \/>\n\t<meta property=\"og:image:height\" content=\"600\" \/>\n\t<meta property=\"og:image:type\" content=\"image\/jpeg\" \/>\n<meta name=\"twitter:card\" content=\"summary_large_image\" \/>\n<meta name=\"twitter:label1\" content=\"Dur\u00e9e de lecture estim\u00e9e\" \/>\n\t<meta name=\"twitter:data1\" content=\"4 minutes\" \/>\n<script type=\"application\/ld+json\" class=\"yoast-schema-graph\">{\"@context\":\"https:\\\/\\\/schema.org\",\"@graph\":[{\"@type\":\"WebPage\",\"@id\":\"https:\\\/\\\/lapharmaciexpress.com\\\/?product=acheter-cialis-soft-20mg-en-ligne-effet-rapide\",\"url\":\"https:\\\/\\\/lapharmaciexpress.com\\\/?product=acheter-cialis-soft-20mg-en-ligne-effet-rapide\",\"name\":\"Acheter Cialis Soft 20 mg en Ligne \u2013 Effet Rapide et Longue Dur\u00e9e - La Pharmacie Express\",\"isPartOf\":{\"@id\":\"https:\\\/\\\/lapharmaciexpress.com\\\/#website\"},\"primaryImageOfPage\":{\"@id\":\"https:\\\/\\\/lapharmaciexpress.com\\\/?product=acheter-cialis-soft-20mg-en-ligne-effet-rapide#primaryimage\"},\"image\":{\"@id\":\"https:\\\/\\\/lapharmaciexpress.com\\\/?product=acheter-cialis-soft-20mg-en-ligne-effet-rapide#primaryimage\"},\"thumbnailUrl\":\"https:\\\/\\\/lapharmaciexpress.com\\\/wp-content\\\/uploads\\\/2019\\\/05\\\/cialis-soft-tabs.jpg?wsr\",\"datePublished\":\"2019-05-29T16:47:16+00:00\",\"dateModified\":\"2025-02-09T12:21:38+00:00\",\"description\":\"Commandez Cialis Soft 20 mg sur Pharmacie Express pour un effet imm\u00e9diat et prolong\u00e9 contre la dysfonction \u00e9rectile. Action en 15 minutes, livraison rapide.\",\"breadcrumb\":{\"@id\":\"https:\\\/\\\/lapharmaciexpress.com\\\/?product=acheter-cialis-soft-20mg-en-ligne-effet-rapide#breadcrumb\"},\"inLanguage\":\"fr-FR\",\"potentialAction\":[{\"@type\":\"ReadAction\",\"target\":[\"https:\\\/\\\/lapharmaciexpress.com\\\/?product=acheter-cialis-soft-20mg-en-ligne-effet-rapide\"]}]},{\"@type\":\"ImageObject\",\"inLanguage\":\"fr-FR\",\"@id\":\"https:\\\/\\\/lapharmaciexpress.com\\\/?product=acheter-cialis-soft-20mg-en-ligne-effet-rapide#primaryimage\",\"url\":\"https:\\\/\\\/lapharmaciexpress.com\\\/wp-content\\\/uploads\\\/2019\\\/05\\\/cialis-soft-tabs.jpg?wsr\",\"contentUrl\":\"https:\\\/\\\/lapharmaciexpress.com\\\/wp-content\\\/uploads\\\/2019\\\/05\\\/cialis-soft-tabs.jpg?wsr\",\"width\":600,\"height\":600},{\"@type\":\"BreadcrumbList\",\"@id\":\"https:\\\/\\\/lapharmaciexpress.com\\\/?product=acheter-cialis-soft-20mg-en-ligne-effet-rapide#breadcrumb\",\"itemListElement\":[{\"@type\":\"ListItem\",\"position\":1,\"name\":\"Accueil\",\"item\":\"https:\\\/\\\/lapharmaciexpress.com\\\/\"},{\"@type\":\"ListItem\",\"position\":2,\"name\":\"Boutique\",\"item\":\"https:\\\/\\\/lapharmaciexpress.com\\\/?page_id=6\"},{\"@type\":\"ListItem\",\"position\":3,\"name\":\"Cialis soft 20mg\"}]},{\"@type\":\"WebSite\",\"@id\":\"https:\\\/\\\/lapharmaciexpress.com\\\/#website\",\"url\":\"https:\\\/\\\/lapharmaciexpress.com\\\/\",\"name\":\"La Pharmacie Express\",\"description\":\"La pharmacie en ligne\",\"publisher\":{\"@id\":\"https:\\\/\\\/lapharmaciexpress.com\\\/#organization\"},\"potentialAction\":[{\"@type\":\"SearchAction\",\"target\":{\"@type\":\"EntryPoint\",\"urlTemplate\":\"https:\\\/\\\/lapharmaciexpress.com\\\/?s={search_term_string}\"},\"query-input\":{\"@type\":\"PropertyValueSpecification\",\"valueRequired\":true,\"valueName\":\"search_term_string\"}}],\"inLanguage\":\"fr-FR\"},{\"@type\":\"Organization\",\"@id\":\"https:\\\/\\\/lapharmaciexpress.com\\\/#organization\",\"name\":\"La Pharmacie Express\",\"url\":\"https:\\\/\\\/lapharmaciexpress.com\\\/\",\"logo\":{\"@type\":\"ImageObject\",\"inLanguage\":\"fr-FR\",\"@id\":\"https:\\\/\\\/lapharmaciexpress.com\\\/#\\\/schema\\\/logo\\\/image\\\/\",\"url\":\"https:\\\/\\\/lapharmaciexpress.com\\\/wp-content\\\/uploads\\\/2019\\\/07\\\/ico-Lapharmacie-express.png\",\"contentUrl\":\"https:\\\/\\\/lapharmaciexpress.com\\\/wp-content\\\/uploads\\\/2019\\\/07\\\/ico-Lapharmacie-express.png\",\"width\":362,\"height\":300,\"caption\":\"La Pharmacie Express\"},\"image\":{\"@id\":\"https:\\\/\\\/lapharmaciexpress.com\\\/#\\\/schema\\\/logo\\\/image\\\/\"}}]}<\/script>\n<!-- \/ Yoast SEO plugin. -->","yoast_head_json":{"title":"Acheter Cialis Soft 20 mg en Ligne \u2013 Effet Rapide et Longue Dur\u00e9e - La Pharmacie Express","description":"Commandez Cialis Soft 20 mg sur Pharmacie Express pour un effet imm\u00e9diat et prolong\u00e9 contre la dysfonction \u00e9rectile. Action en 15 minutes, livraison rapide.","robots":{"index":"index","follow":"follow","max-snippet":"max-snippet:-1","max-image-preview":"max-image-preview:large","max-video-preview":"max-video-preview:-1"},"canonical":"https:\/\/lapharmaciexpress.com\/?product=acheter-cialis-soft-20mg-en-ligne-effet-rapide","og_locale":"fr_FR","og_type":"article","og_title":"Acheter Cialis Soft 20 mg en Ligne \u2013 Effet Rapide et Longue Dur\u00e9e - La Pharmacie Express","og_description":"Commandez Cialis Soft 20 mg sur Pharmacie Express pour un effet imm\u00e9diat et prolong\u00e9 contre la dysfonction \u00e9rectile. Action en 15 minutes, livraison rapide.","og_url":"https:\/\/lapharmaciexpress.com\/?product=acheter-cialis-soft-20mg-en-ligne-effet-rapide","og_site_name":"La Pharmacie Express","article_modified_time":"2025-02-09T12:21:38+00:00","og_image":[{"width":600,"height":600,"url":"https:\/\/lapharmaciexpress.com\/wp-content\/uploads\/2019\/05\/cialis-soft-tabs.jpg","type":"image\/jpeg"}],"twitter_card":"summary_large_image","twitter_misc":{"Dur\u00e9e de lecture estim\u00e9e":"4 minutes"},"schema":{"@context":"https:\/\/schema.org","@graph":[{"@type":"WebPage","@id":"https:\/\/lapharmaciexpress.com\/?product=acheter-cialis-soft-20mg-en-ligne-effet-rapide","url":"https:\/\/lapharmaciexpress.com\/?product=acheter-cialis-soft-20mg-en-ligne-effet-rapide","name":"Acheter Cialis Soft 20 mg en Ligne \u2013 Effet Rapide et Longue Dur\u00e9e - La Pharmacie Express","isPartOf":{"@id":"https:\/\/lapharmaciexpress.com\/#website"},"primaryImageOfPage":{"@id":"https:\/\/lapharmaciexpress.com\/?product=acheter-cialis-soft-20mg-en-ligne-effet-rapide#primaryimage"},"image":{"@id":"https:\/\/lapharmaciexpress.com\/?product=acheter-cialis-soft-20mg-en-ligne-effet-rapide#primaryimage"},"thumbnailUrl":"https:\/\/lapharmaciexpress.com\/wp-content\/uploads\/2019\/05\/cialis-soft-tabs.jpg?wsr","datePublished":"2019-05-29T16:47:16+00:00","dateModified":"2025-02-09T12:21:38+00:00","description":"Commandez Cialis Soft 20 mg sur Pharmacie Express pour un effet imm\u00e9diat et prolong\u00e9 contre la dysfonction \u00e9rectile. Action en 15 minutes, livraison rapide.","breadcrumb":{"@id":"https:\/\/lapharmaciexpress.com\/?product=acheter-cialis-soft-20mg-en-ligne-effet-rapide#breadcrumb"},"inLanguage":"fr-FR","potentialAction":[{"@type":"ReadAction","target":["https:\/\/lapharmaciexpress.com\/?product=acheter-cialis-soft-20mg-en-ligne-effet-rapide"]}]},{"@type":"ImageObject","inLanguage":"fr-FR","@id":"https:\/\/lapharmaciexpress.com\/?product=acheter-cialis-soft-20mg-en-ligne-effet-rapide#primaryimage","url":"https:\/\/lapharmaciexpress.com\/wp-content\/uploads\/2019\/05\/cialis-soft-tabs.jpg?wsr","contentUrl":"https:\/\/lapharmaciexpress.com\/wp-content\/uploads\/2019\/05\/cialis-soft-tabs.jpg?wsr","width":600,"height":600},{"@type":"BreadcrumbList","@id":"https:\/\/lapharmaciexpress.com\/?product=acheter-cialis-soft-20mg-en-ligne-effet-rapide#breadcrumb","itemListElement":[{"@type":"ListItem","position":1,"name":"Accueil","item":"https:\/\/lapharmaciexpress.com\/"},{"@type":"ListItem","position":2,"name":"Boutique","item":"https:\/\/lapharmaciexpress.com\/?page_id=6"},{"@type":"ListItem","position":3,"name":"Cialis soft 20mg"}]},{"@type":"WebSite","@id":"https:\/\/lapharmaciexpress.com\/#website","url":"https:\/\/lapharmaciexpress.com\/","name":"La Pharmacie Express","description":"La pharmacie en ligne","publisher":{"@id":"https:\/\/lapharmaciexpress.com\/#organization"},"potentialAction":[{"@type":"SearchAction","target":{"@type":"EntryPoint","urlTemplate":"https:\/\/lapharmaciexpress.com\/?s={search_term_string}"},"query-input":{"@type":"PropertyValueSpecification","valueRequired":true,"valueName":"search_term_string"}}],"inLanguage":"fr-FR"},{"@type":"Organization","@id":"https:\/\/lapharmaciexpress.com\/#organization","name":"La Pharmacie Express","url":"https:\/\/lapharmaciexpress.com\/","logo":{"@type":"ImageObject","inLanguage":"fr-FR","@id":"https:\/\/lapharmaciexpress.com\/#\/schema\/logo\/image\/","url":"https:\/\/lapharmaciexpress.com\/wp-content\/uploads\/2019\/07\/ico-Lapharmacie-express.png","contentUrl":"https:\/\/lapharmaciexpress.com\/wp-content\/uploads\/2019\/07\/ico-Lapharmacie-express.png","width":362,"height":300,"caption":"La Pharmacie Express"},"image":{"@id":"https:\/\/lapharmaciexpress.com\/#\/schema\/logo\/image\/"}}]}},"jetpack_sharing_enabled":true,"brands":[],"_links":{"self":[{"href":"https:\/\/lapharmaciexpress.com\/index.php?rest_route=\/wp\/v2\/product\/1520","targetHints":{"allow":["GET"]}}],"collection":[{"href":"https:\/\/lapharmaciexpress.com\/index.php?rest_route=\/wp\/v2\/product"}],"about":[{"href":"https:\/\/lapharmaciexpress.com\/index.php?rest_route=\/wp\/v2\/types\/product"}],"replies":[{"embeddable":true,"href":"https:\/\/lapharmaciexpress.com\/index.php?rest_route=%2Fwp%2Fv2%2Fcomments&post=1520"}],"wp:featuredmedia":[{"embeddable":true,"href":"https:\/\/lapharmaciexpress.com\/index.php?rest_route=\/wp\/v2\/media\/1529"}],"wp:attachment":[{"href":"https:\/\/lapharmaciexpress.com\/index.php?rest_route=%2Fwp%2Fv2%2Fmedia&parent=1520"}],"wp:term":[{"taxonomy":"pwb-brand","embeddable":true,"href":"https:\/\/lapharmaciexpress.com\/index.php?rest_route=%2Fwp%2Fv2%2Fpwb-brand&post=1520"},{"taxonomy":"product_brand","embeddable":true,"href":"https:\/\/lapharmaciexpress.com\/index.php?rest_route=%2Fwp%2Fv2%2Fproduct_brand&post=1520"},{"taxonomy":"product_cat","embeddable":true,"href":"https:\/\/lapharmaciexpress.com\/index.php?rest_route=%2Fwp%2Fv2%2Fproduct_cat&post=1520"},{"taxonomy":"product_tag","embeddable":true,"href":"https:\/\/lapharmaciexpress.com\/index.php?rest_route=%2Fwp%2Fv2%2Fproduct_tag&post=1520"}],"curies":[{"name":"wp","href":"https:\/\/api.w.org\/{rel}","templated":true}]}}