{"id":1620,"date":"2019-06-01T14:07:49","date_gmt":"2019-06-01T12:07:49","guid":{"rendered":"http:\/\/lapharmaciexpress.com\/?post_type=product&#038;p=1620"},"modified":"2025-02-08T16:11:14","modified_gmt":"2025-02-08T15:11:14","slug":"acheter-cialis-oral-jelly-20mg-en-ligne-effet-longue-duree","status":"publish","type":"product","link":"https:\/\/lapharmaciexpress.com\/?product=acheter-cialis-oral-jelly-20mg-en-ligne-effet-longue-duree","title":{"rendered":"Cialis Oral Jelly 20mg"},"content":{"rendered":"<h3>Ingr\u00e9dient principal\u00a0Apcalis<\/h3>\n<p>Le\u00a0Tadalafil\u00a0est employ\u00e9 pour les pannes d\u2019\u00e9rection, qui s\u2019appelle aussi la dysfonction \u00e9rectile (DE) dans le jargon m\u00e9dical. L&#8217;impuissance a plusieurs facteurs. En fait, d\u00e8s la cinquantaine, beaucoup d&#8217;hommes sont troubl\u00e9s constamment par des probl\u00e8mes physiologiques . Ils voient en outre leur \u00e9rection diminu\u00e9. Il est prouv\u00e9 que l\u2019\u00e9tat mental est parfois la source de cette condition, pour environ 20% des patients, le stress psychologique est la cause profonde du DE. Cela est particuli\u00e8rement confirm\u00e9 pour les personnes dans la tranche d&#8217;\u00e2ge des moins de 35 ans. Pour assister les personnes avec des DE, toutes les manifestations physiologiques doivent \u00eatre reconnues, et apr\u00e8s le diagnostic, des traitements sont maintenant propos\u00e9s.<\/p>\n<p>L&#8217;\u00e9rection du phallus ne peut arriver que lorsque qu&#8217;il y a un afflux sanguin dans celui-ci. Ceci n&#8217;est possible que si les art\u00e8res se dilatent, et que si les muscles avoisinants se d\u00e9tendent.<\/p>\n<h3>Comment prendre\u00a0Apcalis\u00a0Oral\u00a0Jelly?<\/h3>\n<p>Si vous ressentez des r\u00e9actions anormales, une visite chez votre m\u00e9decin est recommand\u00e9. Avant de reprendre une autre dose, si vous avez omis l&#8217;une d&#8217;entre elle, sautez-la et et reprenez votre programme de dosage habituel. Si vous venez juste de l&#8217;oublier, prenez-la d\u00e8s que vous vous en souvenez. Si vous vous trouvez dans un \u00e9tat naus\u00e9abond, ou ressentez des \u00e9tourdissements, des douleurs dans votre cage thoracique ou lors de l&#8217;intercourse, pr\u00e9venez votre m\u00e9decin de ses sympt\u00f4mes. Consommer trop d&#8217;alcool peut engendrer des maux de t\u00eate ou des \u00e9tourdissements, et m\u00eame acc\u00e9l\u00e9rer votre rythme cardiaque et baisser votre tension. Consommez avec mod\u00e9ration. A pr\u00e9ciser, cet exp\u00e9dient ne vous prot\u00e8ge pas, ni votre partenaire, ni aucun tiers, de l&#8217;infection caus\u00e9 par le VIH ou d&#8217;autres MST ou\u00a0IST!<\/p>\n<h3>O\u00f9 dois-je conserver\u00a0Apcalis?<\/h3>\n<p>Il doit \u00eatre mis hors de la port\u00e9e des enfants! \u00catre rang\u00e9 \u00e0 une temp\u00e9rature ambiante de 15-30 \u00b0 C) et jetez si vous ne les utilisez pas!<\/p>\n<h3>Apcalis\u00a0Oral\u00a0Jelly\u00a0est vraiment le bon choix?<\/h3>\n<p>Si vous \u00eates sujet a des troubles de l&#8217;\u00e9rection ou de la libido,\u00a0l&#8217;Apcalis\u00a0SX\u00a0Oral\u00a0Jelly\u00a0r\u00e9soudra ce probl\u00e8me. Trouvez aussi du\u00a0Kamagra\u00a0Oral\u00a0Jelly\u00a0et\u00a0Valif\u00a0Oral\u00a0Jelly\u00a0dans notre pharmacie! Ne le\u00a0prenez pas, si vous \u00eates allergiques \u00e0 l&#8217;un de ces composants.<\/p>\n<p>Sous l&#8217;influence du\u00a0Tadalafil, \u00e9vitez de conduire et de man\u0153uvrer des machines. En outre, la surconsommation d&#8217;alcool devrait \u00eatre \u00e9vit\u00e9e car cela affecte le proc\u00e9d\u00e9 ainsi que ses bienfaits.<\/p>\n<p>Pour certains, des effets secondaires tels que des maux de t\u00eate, des \u00e9tourdissements peuvent appara\u00eetre.<\/p>\n<p>Sortez-vous de l&#8217;impasse d\u00e8s aujourd&#8217;hui en achetant du\u00a0Apcalis\u00a0SX\u00a0Oral\u00a0Jelly\u00a0sans ordonnance sur notre plate-forme. Comme toujours, votre colis sera d\u00e9livr\u00e9 en toute discr\u00e9tion, promptement, et \u00e0 un prix d\u00e9fiant toute concurrence.<\/p>\n<h3>Comment utiliser le gel\u00a0Apcalis?<\/h3>\n<p>Pour lutter l&#8217;impuissance et votre libido d\u00e9faillante,\u00a0l&#8217;Apcalis\u00a0SX\u00a0Oral\u00a0Jelly\u00a0doit \u00eatre pris au moins 15 minutes avant intercourse. Apr\u00e8s cela, l&#8217;ingr\u00e9dient d\u00e9clenche une r\u00e9action physiologique pendant 24-36 heures. Vous avez donc une marge quand au choix du moment de l&#8217;intercourse. A savoir, faites dilu\u00e9\u00a0l&#8217;Apcalis\u00a0SX\u00a0OralJelly\u00a0dans votre bouche avant de l&#8217;avaler.<\/p>\n<h3>Comment fonctionne le gel\u00a0Apcalis?<\/h3>\n<p>L&#8217;Apcalis SX Oral Jelly est la pr\u00e9paration \u00e0 prendre en cas d&#8217;impuissance masculine, de libido d\u00e9faillante, et de dysfonction \u00e9rectile. Le tadalafil est l&#8217;ingr\u00e9dient cl\u00e9 du Apcalis SX, notamment trouv\u00e9 dans le Cialis, le\u00a0Tadalafil\u00a0est reconnu pour provoquer effectivement une \u00e9rection dure. La substance active est un inhibiteur de phosphodiesterase qui ralentit l&#8217;enzyme PDE-5 qui est responsable des \u00e9rections pr\u00e9matur\u00e9ment r\u00e9duites, et qui cause les probl\u00e8mes d&#8217;\u00e9rection. Chaque cachet de 5 g Apcalis SX Oral Jelly contient 20 mg de tadalafil.<\/p>\n","protected":false},"excerpt":{"rendered":"<p>Cialis Oral Jelly 20 mg est une alternative pratique aux comprim\u00e9s classiques pour traiter la dysfonction \u00e9rectile. Gr\u00e2ce \u00e0 son principe actif, le tadalafil 20 mg, il favorise une \u00e9rection naturelle pendant 24 \u00e0 36 heures. Sa formule en gel oral assure une absorption rapide, id\u00e9ale pour les hommes recherchant une solution discr\u00e8te et efficace. Achetez Cialis Oral Jelly 20 mg sur la Pharmacie Express, avec une livraison rapide et s\u00e9curis\u00e9e.<\/p>\n","protected":false},"featured_media":1626,"comment_status":"open","ping_status":"closed","template":"","meta":[],"pwb-brand":[],"product_brand":[],"product_cat":[19],"product_tag":[131],"class_list":{"0":"post-1620","1":"product","2":"type-product","3":"status-publish","4":"has-post-thumbnail","6":"product_cat-dysfonction-erectile","7":"product_tag-cialis","8":"clearfix","10":"first","11":"instock","12":"taxable","13":"shipping-taxable","14":"purchasable","15":"product-type-variable"},"yoast_head":"<!-- This site is optimized with the Yoast SEO plugin v27.4 - https:\/\/yoast.com\/product\/yoast-seo-wordpress\/ -->\n<title>Cialis Oral Jelly 20mg - La Pharmacie Express<\/title>\n<meta name=\"description\" content=\"Commandez Cialis Oral Jelly 20 mg pour un traitement pratique et efficace de la dysfonction \u00e9rectile. Action jusqu\u2019\u00e0 36 heures, livraison discr\u00e8te.\" \/>\n<meta name=\"robots\" content=\"index, follow, max-snippet:-1, max-image-preview:large, max-video-preview:-1\" \/>\n<link rel=\"canonical\" href=\"https:\/\/lapharmaciexpress.com\/?product=acheter-cialis-oral-jelly-20mg-en-ligne-effet-longue-duree\" \/>\n<meta property=\"og:locale\" content=\"fr_FR\" \/>\n<meta property=\"og:type\" content=\"article\" \/>\n<meta property=\"og:title\" content=\"Cialis Oral Jelly 20mg - La Pharmacie Express\" \/>\n<meta property=\"og:description\" content=\"Commandez Cialis Oral Jelly 20 mg pour un traitement pratique et efficace de la dysfonction \u00e9rectile. Action jusqu\u2019\u00e0 36 heures, livraison discr\u00e8te.\" \/>\n<meta property=\"og:url\" content=\"https:\/\/lapharmaciexpress.com\/?product=acheter-cialis-oral-jelly-20mg-en-ligne-effet-longue-duree\" \/>\n<meta property=\"og:site_name\" content=\"La Pharmacie Express\" \/>\n<meta property=\"article:modified_time\" content=\"2025-02-08T15:11:14+00:00\" \/>\n<meta property=\"og:image\" content=\"https:\/\/lapharmaciexpress.com\/wp-content\/uploads\/2019\/06\/Cialis-Oral-Jelly.jpg\" \/>\n\t<meta property=\"og:image:width\" content=\"600\" \/>\n\t<meta property=\"og:image:height\" content=\"600\" \/>\n\t<meta property=\"og:image:type\" content=\"image\/jpeg\" \/>\n<meta name=\"twitter:card\" content=\"summary_large_image\" \/>\n<meta name=\"twitter:label1\" content=\"Dur\u00e9e de lecture estim\u00e9e\" \/>\n\t<meta name=\"twitter:data1\" content=\"4 minutes\" \/>\n<script type=\"application\/ld+json\" class=\"yoast-schema-graph\">{\"@context\":\"https:\\\/\\\/schema.org\",\"@graph\":[{\"@type\":\"WebPage\",\"@id\":\"https:\\\/\\\/lapharmaciexpress.com\\\/?product=acheter-cialis-oral-jelly-20mg-en-ligne-effet-longue-duree\",\"url\":\"https:\\\/\\\/lapharmaciexpress.com\\\/?product=acheter-cialis-oral-jelly-20mg-en-ligne-effet-longue-duree\",\"name\":\"Cialis Oral Jelly 20mg - La Pharmacie Express\",\"isPartOf\":{\"@id\":\"https:\\\/\\\/lapharmaciexpress.com\\\/#website\"},\"primaryImageOfPage\":{\"@id\":\"https:\\\/\\\/lapharmaciexpress.com\\\/?product=acheter-cialis-oral-jelly-20mg-en-ligne-effet-longue-duree#primaryimage\"},\"image\":{\"@id\":\"https:\\\/\\\/lapharmaciexpress.com\\\/?product=acheter-cialis-oral-jelly-20mg-en-ligne-effet-longue-duree#primaryimage\"},\"thumbnailUrl\":\"https:\\\/\\\/lapharmaciexpress.com\\\/wp-content\\\/uploads\\\/2019\\\/06\\\/Cialis-Oral-Jelly.jpg?wsr\",\"datePublished\":\"2019-06-01T12:07:49+00:00\",\"dateModified\":\"2025-02-08T15:11:14+00:00\",\"description\":\"Commandez Cialis Oral Jelly 20 mg pour un traitement pratique et efficace de la dysfonction \u00e9rectile. Action jusqu\u2019\u00e0 36 heures, livraison discr\u00e8te.\",\"breadcrumb\":{\"@id\":\"https:\\\/\\\/lapharmaciexpress.com\\\/?product=acheter-cialis-oral-jelly-20mg-en-ligne-effet-longue-duree#breadcrumb\"},\"inLanguage\":\"fr-FR\",\"potentialAction\":[{\"@type\":\"ReadAction\",\"target\":[\"https:\\\/\\\/lapharmaciexpress.com\\\/?product=acheter-cialis-oral-jelly-20mg-en-ligne-effet-longue-duree\"]}]},{\"@type\":\"ImageObject\",\"inLanguage\":\"fr-FR\",\"@id\":\"https:\\\/\\\/lapharmaciexpress.com\\\/?product=acheter-cialis-oral-jelly-20mg-en-ligne-effet-longue-duree#primaryimage\",\"url\":\"https:\\\/\\\/lapharmaciexpress.com\\\/wp-content\\\/uploads\\\/2019\\\/06\\\/Cialis-Oral-Jelly.jpg?wsr\",\"contentUrl\":\"https:\\\/\\\/lapharmaciexpress.com\\\/wp-content\\\/uploads\\\/2019\\\/06\\\/Cialis-Oral-Jelly.jpg?wsr\",\"width\":600,\"height\":600},{\"@type\":\"BreadcrumbList\",\"@id\":\"https:\\\/\\\/lapharmaciexpress.com\\\/?product=acheter-cialis-oral-jelly-20mg-en-ligne-effet-longue-duree#breadcrumb\",\"itemListElement\":[{\"@type\":\"ListItem\",\"position\":1,\"name\":\"Accueil\",\"item\":\"https:\\\/\\\/lapharmaciexpress.com\\\/\"},{\"@type\":\"ListItem\",\"position\":2,\"name\":\"Boutique\",\"item\":\"https:\\\/\\\/lapharmaciexpress.com\\\/?page_id=6\"},{\"@type\":\"ListItem\",\"position\":3,\"name\":\"Cialis Oral Jelly 20mg\"}]},{\"@type\":\"WebSite\",\"@id\":\"https:\\\/\\\/lapharmaciexpress.com\\\/#website\",\"url\":\"https:\\\/\\\/lapharmaciexpress.com\\\/\",\"name\":\"La Pharmacie Express\",\"description\":\"La pharmacie en ligne\",\"publisher\":{\"@id\":\"https:\\\/\\\/lapharmaciexpress.com\\\/#organization\"},\"potentialAction\":[{\"@type\":\"SearchAction\",\"target\":{\"@type\":\"EntryPoint\",\"urlTemplate\":\"https:\\\/\\\/lapharmaciexpress.com\\\/?s={search_term_string}\"},\"query-input\":{\"@type\":\"PropertyValueSpecification\",\"valueRequired\":true,\"valueName\":\"search_term_string\"}}],\"inLanguage\":\"fr-FR\"},{\"@type\":\"Organization\",\"@id\":\"https:\\\/\\\/lapharmaciexpress.com\\\/#organization\",\"name\":\"La Pharmacie Express\",\"url\":\"https:\\\/\\\/lapharmaciexpress.com\\\/\",\"logo\":{\"@type\":\"ImageObject\",\"inLanguage\":\"fr-FR\",\"@id\":\"https:\\\/\\\/lapharmaciexpress.com\\\/#\\\/schema\\\/logo\\\/image\\\/\",\"url\":\"https:\\\/\\\/lapharmaciexpress.com\\\/wp-content\\\/uploads\\\/2019\\\/07\\\/ico-Lapharmacie-express.png\",\"contentUrl\":\"https:\\\/\\\/lapharmaciexpress.com\\\/wp-content\\\/uploads\\\/2019\\\/07\\\/ico-Lapharmacie-express.png\",\"width\":362,\"height\":300,\"caption\":\"La Pharmacie Express\"},\"image\":{\"@id\":\"https:\\\/\\\/lapharmaciexpress.com\\\/#\\\/schema\\\/logo\\\/image\\\/\"}}]}<\/script>\n<!-- \/ Yoast SEO plugin. -->","yoast_head_json":{"title":"Cialis Oral Jelly 20mg - La Pharmacie Express","description":"Commandez Cialis Oral Jelly 20 mg pour un traitement pratique et efficace de la dysfonction \u00e9rectile. Action jusqu\u2019\u00e0 36 heures, livraison discr\u00e8te.","robots":{"index":"index","follow":"follow","max-snippet":"max-snippet:-1","max-image-preview":"max-image-preview:large","max-video-preview":"max-video-preview:-1"},"canonical":"https:\/\/lapharmaciexpress.com\/?product=acheter-cialis-oral-jelly-20mg-en-ligne-effet-longue-duree","og_locale":"fr_FR","og_type":"article","og_title":"Cialis Oral Jelly 20mg - La Pharmacie Express","og_description":"Commandez Cialis Oral Jelly 20 mg pour un traitement pratique et efficace de la dysfonction \u00e9rectile. Action jusqu\u2019\u00e0 36 heures, livraison discr\u00e8te.","og_url":"https:\/\/lapharmaciexpress.com\/?product=acheter-cialis-oral-jelly-20mg-en-ligne-effet-longue-duree","og_site_name":"La Pharmacie Express","article_modified_time":"2025-02-08T15:11:14+00:00","og_image":[{"width":600,"height":600,"url":"https:\/\/lapharmaciexpress.com\/wp-content\/uploads\/2019\/06\/Cialis-Oral-Jelly.jpg","type":"image\/jpeg"}],"twitter_card":"summary_large_image","twitter_misc":{"Dur\u00e9e de lecture estim\u00e9e":"4 minutes"},"schema":{"@context":"https:\/\/schema.org","@graph":[{"@type":"WebPage","@id":"https:\/\/lapharmaciexpress.com\/?product=acheter-cialis-oral-jelly-20mg-en-ligne-effet-longue-duree","url":"https:\/\/lapharmaciexpress.com\/?product=acheter-cialis-oral-jelly-20mg-en-ligne-effet-longue-duree","name":"Cialis Oral Jelly 20mg - La Pharmacie Express","isPartOf":{"@id":"https:\/\/lapharmaciexpress.com\/#website"},"primaryImageOfPage":{"@id":"https:\/\/lapharmaciexpress.com\/?product=acheter-cialis-oral-jelly-20mg-en-ligne-effet-longue-duree#primaryimage"},"image":{"@id":"https:\/\/lapharmaciexpress.com\/?product=acheter-cialis-oral-jelly-20mg-en-ligne-effet-longue-duree#primaryimage"},"thumbnailUrl":"https:\/\/lapharmaciexpress.com\/wp-content\/uploads\/2019\/06\/Cialis-Oral-Jelly.jpg?wsr","datePublished":"2019-06-01T12:07:49+00:00","dateModified":"2025-02-08T15:11:14+00:00","description":"Commandez Cialis Oral Jelly 20 mg pour un traitement pratique et efficace de la dysfonction \u00e9rectile. Action jusqu\u2019\u00e0 36 heures, livraison discr\u00e8te.","breadcrumb":{"@id":"https:\/\/lapharmaciexpress.com\/?product=acheter-cialis-oral-jelly-20mg-en-ligne-effet-longue-duree#breadcrumb"},"inLanguage":"fr-FR","potentialAction":[{"@type":"ReadAction","target":["https:\/\/lapharmaciexpress.com\/?product=acheter-cialis-oral-jelly-20mg-en-ligne-effet-longue-duree"]}]},{"@type":"ImageObject","inLanguage":"fr-FR","@id":"https:\/\/lapharmaciexpress.com\/?product=acheter-cialis-oral-jelly-20mg-en-ligne-effet-longue-duree#primaryimage","url":"https:\/\/lapharmaciexpress.com\/wp-content\/uploads\/2019\/06\/Cialis-Oral-Jelly.jpg?wsr","contentUrl":"https:\/\/lapharmaciexpress.com\/wp-content\/uploads\/2019\/06\/Cialis-Oral-Jelly.jpg?wsr","width":600,"height":600},{"@type":"BreadcrumbList","@id":"https:\/\/lapharmaciexpress.com\/?product=acheter-cialis-oral-jelly-20mg-en-ligne-effet-longue-duree#breadcrumb","itemListElement":[{"@type":"ListItem","position":1,"name":"Accueil","item":"https:\/\/lapharmaciexpress.com\/"},{"@type":"ListItem","position":2,"name":"Boutique","item":"https:\/\/lapharmaciexpress.com\/?page_id=6"},{"@type":"ListItem","position":3,"name":"Cialis Oral Jelly 20mg"}]},{"@type":"WebSite","@id":"https:\/\/lapharmaciexpress.com\/#website","url":"https:\/\/lapharmaciexpress.com\/","name":"La Pharmacie Express","description":"La pharmacie en ligne","publisher":{"@id":"https:\/\/lapharmaciexpress.com\/#organization"},"potentialAction":[{"@type":"SearchAction","target":{"@type":"EntryPoint","urlTemplate":"https:\/\/lapharmaciexpress.com\/?s={search_term_string}"},"query-input":{"@type":"PropertyValueSpecification","valueRequired":true,"valueName":"search_term_string"}}],"inLanguage":"fr-FR"},{"@type":"Organization","@id":"https:\/\/lapharmaciexpress.com\/#organization","name":"La Pharmacie Express","url":"https:\/\/lapharmaciexpress.com\/","logo":{"@type":"ImageObject","inLanguage":"fr-FR","@id":"https:\/\/lapharmaciexpress.com\/#\/schema\/logo\/image\/","url":"https:\/\/lapharmaciexpress.com\/wp-content\/uploads\/2019\/07\/ico-Lapharmacie-express.png","contentUrl":"https:\/\/lapharmaciexpress.com\/wp-content\/uploads\/2019\/07\/ico-Lapharmacie-express.png","width":362,"height":300,"caption":"La Pharmacie Express"},"image":{"@id":"https:\/\/lapharmaciexpress.com\/#\/schema\/logo\/image\/"}}]}},"jetpack_sharing_enabled":true,"brands":[],"_links":{"self":[{"href":"https:\/\/lapharmaciexpress.com\/index.php?rest_route=\/wp\/v2\/product\/1620","targetHints":{"allow":["GET"]}}],"collection":[{"href":"https:\/\/lapharmaciexpress.com\/index.php?rest_route=\/wp\/v2\/product"}],"about":[{"href":"https:\/\/lapharmaciexpress.com\/index.php?rest_route=\/wp\/v2\/types\/product"}],"replies":[{"embeddable":true,"href":"https:\/\/lapharmaciexpress.com\/index.php?rest_route=%2Fwp%2Fv2%2Fcomments&post=1620"}],"wp:featuredmedia":[{"embeddable":true,"href":"https:\/\/lapharmaciexpress.com\/index.php?rest_route=\/wp\/v2\/media\/1626"}],"wp:attachment":[{"href":"https:\/\/lapharmaciexpress.com\/index.php?rest_route=%2Fwp%2Fv2%2Fmedia&parent=1620"}],"wp:term":[{"taxonomy":"pwb-brand","embeddable":true,"href":"https:\/\/lapharmaciexpress.com\/index.php?rest_route=%2Fwp%2Fv2%2Fpwb-brand&post=1620"},{"taxonomy":"product_brand","embeddable":true,"href":"https:\/\/lapharmaciexpress.com\/index.php?rest_route=%2Fwp%2Fv2%2Fproduct_brand&post=1620"},{"taxonomy":"product_cat","embeddable":true,"href":"https:\/\/lapharmaciexpress.com\/index.php?rest_route=%2Fwp%2Fv2%2Fproduct_cat&post=1620"},{"taxonomy":"product_tag","embeddable":true,"href":"https:\/\/lapharmaciexpress.com\/index.php?rest_route=%2Fwp%2Fv2%2Fproduct_tag&post=1620"}],"curies":[{"name":"wp","href":"https:\/\/api.w.org\/{rel}","templated":true}]}}