{"id":2503,"date":"2019-07-29T12:56:30","date_gmt":"2019-07-29T10:56:30","guid":{"rendered":"http:\/\/lapharmaciexpress.com\/?post_type=product&#038;p=2503"},"modified":"2023-07-15T13:44:53","modified_gmt":"2023-07-15T11:44:53","slug":"xtrazex","status":"publish","type":"product","link":"https:\/\/lapharmaciexpress.com\/?product=xtrazex","title":{"rendered":"Xtrazex"},"content":{"rendered":"<p>La dysfonction \u00e9rectile (DE) est une affection qui touche pr\u00e8s d\u2019un homme sur trois d\u00e8s 50 ans et plus d\u2019un sur deux apr\u00e8s 70 ans. Elle est souvent multifactorielle et partage ses facteurs de risque avec la maladie coronarienne dont elle est un marqueur pr\u00e9coce. Sa prise en charge implique une recherche \u00e9tiologique, une correction des facteurs de risque modifiables et souvent un traitement par les inhibiteurs de la phosphodiest\u00e9rase de type 5 (IPDE-5). Le suivi permet de s\u2019assurer de l\u2019efficacit\u00e9 du traitement et de la pr\u00e9sence d\u2019effets secondaires qui pourraient influencer la compliance m\u00e9dicamenteuse. Le recours aux m\u00e9decins sp\u00e9cialistes (urologue, psychiatre, endocrinologue et cardiologue) se fait au cas par cas selon des comorbidit\u00e9s, de la n\u00e9cessit\u00e9 d\u2019investigations compl\u00e9mentaires ou de l\u2019absence de r\u00e9ponse satisfaisante aux IPDE-5<\/p>\n<p>XtraZex est un produit incroyable pour les hommes, \u00e0 un prix avantageux, destin\u00e9 \u00e0 aider \u00e0 lib\u00e9rer le potentiel sexuel. Ce complexe v\u00e9g\u00e9tal est con\u00e7u pour am\u00e9liorer la virilit\u00e9 des hommes. En raison de ses ingr\u00e9dients naturels, ce produit ne nuit pas \u00e0 votre sant\u00e9. Il comporte des avantages incroyables que vous appr\u00e9cierez s\u00fbrement:<\/p>\n<p>Il garantit que vous aurez une \u00e9rection stable et forte<\/p>\n<p>XtraZex am\u00e9liore votre r\u00e9sistance pendant les rapports sexuels et am\u00e9liore donc \u00e9galement le plaisir ressenti.<\/p>\n<p>Il prolonge la dur\u00e9e du rapport sexuel jusqu\u2019\u00e0 4 heures.<\/p>\n<h3>Utilisez XtraZex pour oublier vos probl\u00e8mes de vie sexuelle<\/h3>\n<p>Chaque homme a des probl\u00e8mes dans sa vie sexuelle, au moins de temps en temps. Faire face aux probl\u00e8mes de la vie sexuelle n\u2019est pas une chose \u00e0 laquelle il faut vraiment s\u2019inqui\u00e9ter, mais vous devez faire attention aux signes, car ils pourraient vous montrer un probl\u00e8me potentiellement grave. Par cons\u00e9quent, ignorer les signaux d\u2019avertissement que votre corps vous envoie peut conduire \u00e0 une impuissance sexuelle compl\u00e8te \u00e0 l\u2019avenir. Comme vous pouvez probablement l\u2019imaginer, l\u2019impuissance sexuelle g\u00e9n\u00e8re \u00e9galement de graves probl\u00e8mes psychologiques, notamment un manque de confiance en soi. D\u2019autres probl\u00e8mes incluent la peur de la d\u00e9ception et la peur de ne pas pouvoir satisfaire votre partenaire.<\/p>\n<p>Vous n\u2019avez pas de probl\u00e8mes dans votre vie sexuelle mais vous n\u2019\u00eates pas compl\u00e8tement satisfait de votre activit\u00e9 sexuelle?<\/p>\n<p>Perdez-vous la passion que vous aviez quand vous \u00e9tiez plus jeune?<\/p>\n<p>Avez-vous des \u00e9checs occasionnels?<\/p>\n<p>N\u2019es-tu pas capable de satisfaire ton partenaire?<\/p>\n<p>Avez-vous perdu confiance en vous?<\/p>\n<p>Si vous avez r\u00e9pondu \u00abOui\u00bb \u00e0 l\u2019une de ces questions, XtraZex est fait pour vous! Plus de 26 000 hommes ont \u00e9t\u00e9 d\u00e9\u00e7us par leur activit\u00e9 sexuelle et ont utilis\u00e9 XtraZex pour am\u00e9liorer leur vie.<\/p>\n<p>Ne vous inqui\u00e9tez pas si vous avez des probl\u00e8mes, car ces sympt\u00f4mes ne sont pas dus \u00e0 vous, mais ils sont caus\u00e9s par le stress et les facteurs nocifs de l\u2019environnement. Celles-ci provoquent une dysfonction \u00e9rectile chez les hommes, si bien qu\u2019au cours des 20 derni\u00e8res ann\u00e9es, le nombre d\u2019hommes de moins de 35 ans souffrant de ce probl\u00e8me a doubl\u00e9.<\/p>\n<p><img loading=\"lazy\" decoding=\"async\" class=\"\" src=\"https:\/\/lycknis.com\/wp-content\/uploads\/2019\/05\/xtrazex-front-lycknis.jpg\" alt=\"R\u00c3\u00a9sultat de recherche d'images pour &quot;Xtrazex&quot;\" width=\"373\" height=\"190\" \/><\/p>\n<h4>Composition XtraZex<\/h4>\n<p>XtraZex contient des ingr\u00e9dients naturels qui sont excellents pour vous. Ce produit compos\u00e9 de comprim\u00e9s effervescents vous offre une efficacit\u00e9 maximale au lit.<\/p>\n<p>XtraZex contient de l\u2019extrait de ginseng, qui stimule le mouvement du sperme, am\u00e9liore son odeur, am\u00e9liore son \u00e9rection et vous prot\u00e8ge du cancer de la prostate.<\/p>\n<p>Il contient de la Maca p\u00e9ruvienne, connue sous le nom de \u00abplante sexuelle de l\u2019Inca\u00bb. Il contient une forte concentration d\u2019acides amin\u00e9s et de substances biologiquement actives. Il constitue donc un excellent ingr\u00e9dient pour la production des hormones sexuelles.<\/p>\n<p>XtraZex contient de l\u2019\u00e9corce de Yohimbe, un puissant stimulant sexuel. Il augmente \u00e9galement la quantit\u00e9 de sperme et am\u00e9liore votre libido.<\/p>\n<p>L\u2019extrait d\u2019\u00e9corce de Muira Puama est connu pour amplifier l\u2019activit\u00e9 sexuelle, provoquer de l\u2019excitation et am\u00e9liorer le d\u00e9sir.<\/p>\n<h2>Comment XtraZex doit-il \u00eatre utilis\u00e9?<\/h2>\n<p>Il est important de savoir comment utiliser XtraZex afin de pouvoir pleinement profiter de ses avantages.<\/p>\n<p>Vous devez prendre un comprim\u00e9 effervescent une heure avant votre repas.<\/p>\n<p>Dissolvez le comprim\u00e9 dans un verre d\u2019eau (200 ml) et buvez-le imm\u00e9diatement apr\u00e8s sa pr\u00e9paration.<\/p>\n<p>En cas de traitement de la dysfonction \u00e9rectile, le traitement par XtraZex dure 30 jours.<\/p>\n","protected":false},"excerpt":{"rendered":"<p>Xtrazex pour la puissance est un produit unique qui est charg\u00e9 d\u2019am\u00e9liorer votre vie sexuelle en tant qu\u2019homme et de restaurer votre confiance en vous. Il est fait de composition 100% naturelle, sans produits chimiques nocifs et fonctionne comme par magie. C\u2019est tr\u00e8s abordable et vous en avez pour votre argent. Vous ne ressentez aucun effet secondaire n\u00e9gatif comme dans le cas d\u2019autres aphrodisiaques sur le march\u00e9. Quand il est pris, les niveaux d\u2019hormones de testost\u00e9rone dans le corps augmente, entra\u00eenant ainsi une augmentation de la libido.<\/p>\n","protected":false},"featured_media":2504,"comment_status":"open","ping_status":"closed","template":"","meta":[],"pwb-brand":[],"product_brand":[],"product_cat":[19],"product_tag":[],"class_list":{"0":"post-2503","1":"product","2":"type-product","3":"status-publish","4":"has-post-thumbnail","6":"product_cat-dysfonction-erectile","7":"clearfix","9":"first","10":"instock","11":"taxable","12":"shipping-taxable","13":"purchasable","14":"product-type-simple"},"yoast_head":"<!-- This site is optimized with the Yoast SEO plugin v27.4 - https:\/\/yoast.com\/product\/yoast-seo-wordpress\/ -->\n<title>Xtrazex - La Pharmacie Express<\/title>\n<meta name=\"description\" content=\"Faite vos achats de Dysfonction \u00e9rectile, viagra, cialis, kamagra, levitra, vitamine produits de femme, antibiotique en toute discretion sur la pharamacie express en ligne, livraison gratuite.\" \/>\n<meta name=\"robots\" content=\"index, follow, max-snippet:-1, max-image-preview:large, max-video-preview:-1\" \/>\n<link rel=\"canonical\" href=\"https:\/\/lapharmaciexpress.com\/?product=xtrazex\" \/>\n<meta property=\"og:locale\" content=\"fr_FR\" \/>\n<meta property=\"og:type\" content=\"article\" \/>\n<meta property=\"og:title\" content=\"Xtrazex - La Pharmacie Express\" \/>\n<meta property=\"og:description\" content=\"Faite vos achats de Dysfonction \u00e9rectile, viagra, cialis, kamagra, levitra, vitamine produits de femme, antibiotique en toute discretion sur la pharamacie express en ligne, livraison gratuite.\" \/>\n<meta property=\"og:url\" content=\"https:\/\/lapharmaciexpress.com\/?product=xtrazex\" \/>\n<meta property=\"og:site_name\" content=\"La Pharmacie Express\" \/>\n<meta property=\"article:modified_time\" content=\"2023-07-15T11:44:53+00:00\" \/>\n<meta property=\"og:image\" content=\"https:\/\/lapharmaciexpress.com\/wp-content\/uploads\/2019\/07\/Xtrazex.jpg\" \/>\n\t<meta property=\"og:image:width\" content=\"600\" \/>\n\t<meta property=\"og:image:height\" content=\"600\" \/>\n\t<meta property=\"og:image:type\" content=\"image\/jpeg\" \/>\n<meta name=\"twitter:card\" content=\"summary_large_image\" \/>\n<meta name=\"twitter:label1\" content=\"Dur\u00e9e de lecture estim\u00e9e\" \/>\n\t<meta name=\"twitter:data1\" content=\"4 minutes\" \/>\n<script type=\"application\/ld+json\" class=\"yoast-schema-graph\">{\"@context\":\"https:\\\/\\\/schema.org\",\"@graph\":[{\"@type\":\"WebPage\",\"@id\":\"https:\\\/\\\/lapharmaciexpress.com\\\/?product=xtrazex\",\"url\":\"https:\\\/\\\/lapharmaciexpress.com\\\/?product=xtrazex\",\"name\":\"Xtrazex - La Pharmacie Express\",\"isPartOf\":{\"@id\":\"https:\\\/\\\/lapharmaciexpress.com\\\/#website\"},\"primaryImageOfPage\":{\"@id\":\"https:\\\/\\\/lapharmaciexpress.com\\\/?product=xtrazex#primaryimage\"},\"image\":{\"@id\":\"https:\\\/\\\/lapharmaciexpress.com\\\/?product=xtrazex#primaryimage\"},\"thumbnailUrl\":\"https:\\\/\\\/lapharmaciexpress.com\\\/wp-content\\\/uploads\\\/2019\\\/07\\\/Xtrazex.jpg?wsr\",\"datePublished\":\"2019-07-29T10:56:30+00:00\",\"dateModified\":\"2023-07-15T11:44:53+00:00\",\"description\":\"Faite vos achats de Dysfonction \u00e9rectile, viagra, cialis, kamagra, levitra, vitamine produits de femme, antibiotique en toute discretion sur la pharamacie express en ligne, livraison gratuite.\",\"breadcrumb\":{\"@id\":\"https:\\\/\\\/lapharmaciexpress.com\\\/?product=xtrazex#breadcrumb\"},\"inLanguage\":\"fr-FR\",\"potentialAction\":[{\"@type\":\"ReadAction\",\"target\":[\"https:\\\/\\\/lapharmaciexpress.com\\\/?product=xtrazex\"]}]},{\"@type\":\"ImageObject\",\"inLanguage\":\"fr-FR\",\"@id\":\"https:\\\/\\\/lapharmaciexpress.com\\\/?product=xtrazex#primaryimage\",\"url\":\"https:\\\/\\\/lapharmaciexpress.com\\\/wp-content\\\/uploads\\\/2019\\\/07\\\/Xtrazex.jpg?wsr\",\"contentUrl\":\"https:\\\/\\\/lapharmaciexpress.com\\\/wp-content\\\/uploads\\\/2019\\\/07\\\/Xtrazex.jpg?wsr\",\"width\":600,\"height\":600},{\"@type\":\"BreadcrumbList\",\"@id\":\"https:\\\/\\\/lapharmaciexpress.com\\\/?product=xtrazex#breadcrumb\",\"itemListElement\":[{\"@type\":\"ListItem\",\"position\":1,\"name\":\"Accueil\",\"item\":\"https:\\\/\\\/lapharmaciexpress.com\\\/\"},{\"@type\":\"ListItem\",\"position\":2,\"name\":\"Boutique\",\"item\":\"https:\\\/\\\/lapharmaciexpress.com\\\/?page_id=6\"},{\"@type\":\"ListItem\",\"position\":3,\"name\":\"Xtrazex\"}]},{\"@type\":\"WebSite\",\"@id\":\"https:\\\/\\\/lapharmaciexpress.com\\\/#website\",\"url\":\"https:\\\/\\\/lapharmaciexpress.com\\\/\",\"name\":\"La Pharmacie Express\",\"description\":\"La pharmacie en ligne\",\"publisher\":{\"@id\":\"https:\\\/\\\/lapharmaciexpress.com\\\/#organization\"},\"potentialAction\":[{\"@type\":\"SearchAction\",\"target\":{\"@type\":\"EntryPoint\",\"urlTemplate\":\"https:\\\/\\\/lapharmaciexpress.com\\\/?s={search_term_string}\"},\"query-input\":{\"@type\":\"PropertyValueSpecification\",\"valueRequired\":true,\"valueName\":\"search_term_string\"}}],\"inLanguage\":\"fr-FR\"},{\"@type\":\"Organization\",\"@id\":\"https:\\\/\\\/lapharmaciexpress.com\\\/#organization\",\"name\":\"La Pharmacie Express\",\"url\":\"https:\\\/\\\/lapharmaciexpress.com\\\/\",\"logo\":{\"@type\":\"ImageObject\",\"inLanguage\":\"fr-FR\",\"@id\":\"https:\\\/\\\/lapharmaciexpress.com\\\/#\\\/schema\\\/logo\\\/image\\\/\",\"url\":\"https:\\\/\\\/lapharmaciexpress.com\\\/wp-content\\\/uploads\\\/2019\\\/07\\\/ico-Lapharmacie-express.png\",\"contentUrl\":\"https:\\\/\\\/lapharmaciexpress.com\\\/wp-content\\\/uploads\\\/2019\\\/07\\\/ico-Lapharmacie-express.png\",\"width\":362,\"height\":300,\"caption\":\"La Pharmacie Express\"},\"image\":{\"@id\":\"https:\\\/\\\/lapharmaciexpress.com\\\/#\\\/schema\\\/logo\\\/image\\\/\"}}]}<\/script>\n<!-- \/ Yoast SEO plugin. -->","yoast_head_json":{"title":"Xtrazex - La Pharmacie Express","description":"Faite vos achats de Dysfonction \u00e9rectile, viagra, cialis, kamagra, levitra, vitamine produits de femme, antibiotique en toute discretion sur la pharamacie express en ligne, livraison gratuite.","robots":{"index":"index","follow":"follow","max-snippet":"max-snippet:-1","max-image-preview":"max-image-preview:large","max-video-preview":"max-video-preview:-1"},"canonical":"https:\/\/lapharmaciexpress.com\/?product=xtrazex","og_locale":"fr_FR","og_type":"article","og_title":"Xtrazex - La Pharmacie Express","og_description":"Faite vos achats de Dysfonction \u00e9rectile, viagra, cialis, kamagra, levitra, vitamine produits de femme, antibiotique en toute discretion sur la pharamacie express en ligne, livraison gratuite.","og_url":"https:\/\/lapharmaciexpress.com\/?product=xtrazex","og_site_name":"La Pharmacie Express","article_modified_time":"2023-07-15T11:44:53+00:00","og_image":[{"width":600,"height":600,"url":"https:\/\/lapharmaciexpress.com\/wp-content\/uploads\/2019\/07\/Xtrazex.jpg","type":"image\/jpeg"}],"twitter_card":"summary_large_image","twitter_misc":{"Dur\u00e9e de lecture estim\u00e9e":"4 minutes"},"schema":{"@context":"https:\/\/schema.org","@graph":[{"@type":"WebPage","@id":"https:\/\/lapharmaciexpress.com\/?product=xtrazex","url":"https:\/\/lapharmaciexpress.com\/?product=xtrazex","name":"Xtrazex - La Pharmacie Express","isPartOf":{"@id":"https:\/\/lapharmaciexpress.com\/#website"},"primaryImageOfPage":{"@id":"https:\/\/lapharmaciexpress.com\/?product=xtrazex#primaryimage"},"image":{"@id":"https:\/\/lapharmaciexpress.com\/?product=xtrazex#primaryimage"},"thumbnailUrl":"https:\/\/lapharmaciexpress.com\/wp-content\/uploads\/2019\/07\/Xtrazex.jpg?wsr","datePublished":"2019-07-29T10:56:30+00:00","dateModified":"2023-07-15T11:44:53+00:00","description":"Faite vos achats de Dysfonction \u00e9rectile, viagra, cialis, kamagra, levitra, vitamine produits de femme, antibiotique en toute discretion sur la pharamacie express en ligne, livraison gratuite.","breadcrumb":{"@id":"https:\/\/lapharmaciexpress.com\/?product=xtrazex#breadcrumb"},"inLanguage":"fr-FR","potentialAction":[{"@type":"ReadAction","target":["https:\/\/lapharmaciexpress.com\/?product=xtrazex"]}]},{"@type":"ImageObject","inLanguage":"fr-FR","@id":"https:\/\/lapharmaciexpress.com\/?product=xtrazex#primaryimage","url":"https:\/\/lapharmaciexpress.com\/wp-content\/uploads\/2019\/07\/Xtrazex.jpg?wsr","contentUrl":"https:\/\/lapharmaciexpress.com\/wp-content\/uploads\/2019\/07\/Xtrazex.jpg?wsr","width":600,"height":600},{"@type":"BreadcrumbList","@id":"https:\/\/lapharmaciexpress.com\/?product=xtrazex#breadcrumb","itemListElement":[{"@type":"ListItem","position":1,"name":"Accueil","item":"https:\/\/lapharmaciexpress.com\/"},{"@type":"ListItem","position":2,"name":"Boutique","item":"https:\/\/lapharmaciexpress.com\/?page_id=6"},{"@type":"ListItem","position":3,"name":"Xtrazex"}]},{"@type":"WebSite","@id":"https:\/\/lapharmaciexpress.com\/#website","url":"https:\/\/lapharmaciexpress.com\/","name":"La Pharmacie Express","description":"La pharmacie en ligne","publisher":{"@id":"https:\/\/lapharmaciexpress.com\/#organization"},"potentialAction":[{"@type":"SearchAction","target":{"@type":"EntryPoint","urlTemplate":"https:\/\/lapharmaciexpress.com\/?s={search_term_string}"},"query-input":{"@type":"PropertyValueSpecification","valueRequired":true,"valueName":"search_term_string"}}],"inLanguage":"fr-FR"},{"@type":"Organization","@id":"https:\/\/lapharmaciexpress.com\/#organization","name":"La Pharmacie Express","url":"https:\/\/lapharmaciexpress.com\/","logo":{"@type":"ImageObject","inLanguage":"fr-FR","@id":"https:\/\/lapharmaciexpress.com\/#\/schema\/logo\/image\/","url":"https:\/\/lapharmaciexpress.com\/wp-content\/uploads\/2019\/07\/ico-Lapharmacie-express.png","contentUrl":"https:\/\/lapharmaciexpress.com\/wp-content\/uploads\/2019\/07\/ico-Lapharmacie-express.png","width":362,"height":300,"caption":"La Pharmacie Express"},"image":{"@id":"https:\/\/lapharmaciexpress.com\/#\/schema\/logo\/image\/"}}]}},"jetpack_sharing_enabled":true,"brands":[],"_links":{"self":[{"href":"https:\/\/lapharmaciexpress.com\/index.php?rest_route=\/wp\/v2\/product\/2503","targetHints":{"allow":["GET"]}}],"collection":[{"href":"https:\/\/lapharmaciexpress.com\/index.php?rest_route=\/wp\/v2\/product"}],"about":[{"href":"https:\/\/lapharmaciexpress.com\/index.php?rest_route=\/wp\/v2\/types\/product"}],"replies":[{"embeddable":true,"href":"https:\/\/lapharmaciexpress.com\/index.php?rest_route=%2Fwp%2Fv2%2Fcomments&post=2503"}],"wp:featuredmedia":[{"embeddable":true,"href":"https:\/\/lapharmaciexpress.com\/index.php?rest_route=\/wp\/v2\/media\/2504"}],"wp:attachment":[{"href":"https:\/\/lapharmaciexpress.com\/index.php?rest_route=%2Fwp%2Fv2%2Fmedia&parent=2503"}],"wp:term":[{"taxonomy":"pwb-brand","embeddable":true,"href":"https:\/\/lapharmaciexpress.com\/index.php?rest_route=%2Fwp%2Fv2%2Fpwb-brand&post=2503"},{"taxonomy":"product_brand","embeddable":true,"href":"https:\/\/lapharmaciexpress.com\/index.php?rest_route=%2Fwp%2Fv2%2Fproduct_brand&post=2503"},{"taxonomy":"product_cat","embeddable":true,"href":"https:\/\/lapharmaciexpress.com\/index.php?rest_route=%2Fwp%2Fv2%2Fproduct_cat&post=2503"},{"taxonomy":"product_tag","embeddable":true,"href":"https:\/\/lapharmaciexpress.com\/index.php?rest_route=%2Fwp%2Fv2%2Fproduct_tag&post=2503"}],"curies":[{"name":"wp","href":"https:\/\/api.w.org\/{rel}","templated":true}]}}