{"id":4355,"date":"2026-04-18T21:34:07","date_gmt":"2026-04-18T19:34:07","guid":{"rendered":"https:\/\/lapharmaciexpress.com\/?post_type=product&#038;p=4355"},"modified":"2026-04-18T21:34:35","modified_gmt":"2026-04-18T19:34:35","slug":"cialis-80-mg","status":"publish","type":"product","link":"https:\/\/lapharmaciexpress.com\/?product=cialis-80-mg","title":{"rendered":"Cialis 80mg"},"content":{"rendered":"<h2 data-section-id=\"cl4ne8\" data-start=\"1650\" data-end=\"1685\"><span role=\"text\"><strong data-start=\"1653\" data-end=\"1685\">Qu\u2019est-ce que Cialis 80 mg ?<\/strong><\/span><\/h2>\n<p data-start=\"1687\" data-end=\"1971\"><strong data-start=\"1687\" data-end=\"1703\">Cialis 80 mg<\/strong> contient du <strong data-start=\"1716\" data-end=\"1729\">tadalafil<\/strong>, un principe actif reconnu pour am\u00e9liorer la circulation sanguine vers le p\u00e9nis lors de la stimulation sexuelle. Ce m\u00e9canisme permet d\u2019obtenir une <strong data-start=\"1877\" data-end=\"1912\">\u00e9rection naturelle et prolong\u00e9e<\/strong>, adapt\u00e9e aux hommes rencontrant des difficult\u00e9s \u00e9rectiles.<\/p>\n<p data-start=\"1973\" data-end=\"2121\">Gr\u00e2ce \u00e0 son dosage \u00e9lev\u00e9, <strong data-start=\"1999\" data-end=\"2015\">Cialis 80 mg<\/strong> est particuli\u00e8rement adapt\u00e9 aux hommes recherchant une <strong data-start=\"2071\" data-end=\"2095\">efficacit\u00e9 renforc\u00e9e<\/strong> et des r\u00e9sultats fiables.<\/p>\n<hr data-start=\"2123\" data-end=\"2126\" \/>\n<h2 data-section-id=\"1vi5p\" data-start=\"2128\" data-end=\"2164\"><span role=\"text\"><strong data-start=\"2131\" data-end=\"2164\">Les avantages du Cialis 80 mg<\/strong><\/span><\/h2>\n<p data-start=\"2166\" data-end=\"2408\">\u2714 Favorise une <strong data-start=\"2181\" data-end=\"2210\">\u00e9rection ferme et durable<\/strong><br data-start=\"2210\" data-end=\"2213\" \/>\u2714 Am\u00e9liore la <strong data-start=\"2227\" data-end=\"2261\">performance sexuelle masculine<\/strong><br data-start=\"2261\" data-end=\"2264\" \/>\u2714 Action prolong\u00e9e<br data-start=\"2282\" data-end=\"2285\" \/>\u2714 Aide \u00e0 lutter contre la <strong data-start=\"2311\" data-end=\"2335\">dysfonction \u00e9rectile<\/strong><br data-start=\"2335\" data-end=\"2338\" \/>\u2714 Produit reconnu pour son efficacit\u00e9<br data-start=\"2375\" data-end=\"2378\" \/>\u2714 R\u00e9sultats fiables et rapides<\/p>\n<hr data-start=\"2410\" data-end=\"2413\" \/>\n<h2 data-section-id=\"1xggwdb\" data-start=\"2415\" data-end=\"2453\"><span role=\"text\"><strong data-start=\"2418\" data-end=\"2453\">Comment utiliser Cialis 80 mg ?<\/strong><\/span><\/h2>\n<p data-start=\"2455\" data-end=\"2571\">Il est recommand\u00e9 de prendre <strong data-start=\"2484\" data-end=\"2549\">un comprim\u00e9 environ 30 \u00e0 60 minutes avant l\u2019activit\u00e9 sexuelle<\/strong>, avec un verre d\u2019eau.<\/p>\n<h3 data-section-id=\"105hee8\" data-start=\"2573\" data-end=\"2601\">Conseils d\u2019utilisation :<\/h3>\n<ul data-start=\"2603\" data-end=\"2786\">\n<li data-section-id=\"1ow5x6m\" data-start=\"2603\" data-end=\"2647\">Ne pas d\u00e9passer <strong data-start=\"2621\" data-end=\"2645\">un comprim\u00e9 par jour<\/strong><\/li>\n<li data-section-id=\"8pv1pp\" data-start=\"2648\" data-end=\"2693\">\u00c9viter la consommation excessive d\u2019alcool<\/li>\n<li data-section-id=\"nhcoae\" data-start=\"2694\" data-end=\"2751\">Consulter un professionnel de sant\u00e9 avant utilisation<\/li>\n<li data-section-id=\"dvben6\" data-start=\"2752\" data-end=\"2786\">Respecter les doses recommand\u00e9es<\/li>\n<\/ul>\n<hr data-start=\"2788\" data-end=\"2791\" \/>\n<h2 data-section-id=\"1wawz3m\" data-start=\"2793\" data-end=\"2857\"><span role=\"text\"><strong data-start=\"2796\" data-end=\"2857\">Pourquoi acheter Cialis 80 mg sur lapharmaciexpress.com ?<\/strong><\/span><\/h2>\n<p data-start=\"2859\" data-end=\"2910\">Sur <strong data-start=\"2863\" data-end=\"2888\">lapharmaciexpress.com<\/strong>, vous b\u00e9n\u00e9ficiez de :<\/p>\n<p data-start=\"2912\" data-end=\"3078\">\ud83d\udce6 <strong data-start=\"2915\" data-end=\"2947\">Livraison discr\u00e8te et rapide<\/strong><br data-start=\"2947\" data-end=\"2950\" \/>\ud83d\udd12 <strong data-start=\"2953\" data-end=\"2974\">Paiement s\u00e9curis\u00e9<\/strong><br data-start=\"2974\" data-end=\"2977\" \/>\ud83d\udc8a Produits disponibles en stock<br data-start=\"3009\" data-end=\"3012\" \/>\u2b50 Service fiable et confidentiel<br data-start=\"3044\" data-end=\"3047\" \/>\ud83d\udcde Assistance client disponible<\/p>\n<p data-start=\"3080\" data-end=\"3210\">Notre priorit\u00e9 est de vous garantir une <strong data-start=\"3120\" data-end=\"3168\">commande simple, s\u00e9curis\u00e9e et confidentielle<\/strong>, avec des produits adapt\u00e9s \u00e0 vos besoins<\/p>\n","protected":false},"excerpt":{"rendered":"<p><strong data-start=\"202\" data-end=\"218\">Cialis 80 mg<\/strong> est un produit puissant con\u00e7u pour aider les hommes souffrant de <strong data-start=\"284\" data-end=\"308\">dysfonction \u00e9rectile<\/strong> \u00e0 retrouver une \u00e9rection ferme et durable. Gr\u00e2ce \u00e0 son action prolong\u00e9e, il am\u00e9liore la performance masculine et favorise des rapports plus satisfaisants. Disponible avec <strong data-start=\"480\" data-end=\"512\">livraison discr\u00e8te et rapide<\/strong>, <strong data-start=\"514\" data-end=\"530\">Cialis 80 mg<\/strong> est une solution efficace pour am\u00e9liorer la qualit\u00e9 de votre vie intime.<\/p>\n","protected":false},"featured_media":4356,"comment_status":"open","ping_status":"closed","template":"","meta":[],"pwb-brand":[],"product_brand":[],"product_cat":[19],"product_tag":[131],"class_list":{"0":"post-4355","1":"product","2":"type-product","3":"status-publish","4":"has-post-thumbnail","6":"product_cat-dysfonction-erectile","7":"product_tag-cialis","8":"clearfix","10":"first","11":"instock","12":"taxable","13":"shipping-taxable","14":"purchasable","15":"product-type-variable"},"yoast_head":"<!-- This site is optimized with the Yoast SEO plugin v27.5 - https:\/\/yoast.com\/product\/yoast-seo-wordpress\/ -->\n<title>Cialis 80mg \u2013 Puissance maximale pour une \u00e9rection durable - La Pharmacie Express<\/title>\n<meta name=\"description\" content=\"Achetez Cialis 80 mg pour am\u00e9liorer vos performances masculines. Livraison discr\u00e8te et rapide depuis l\u2019Europe sur lapharmaciexpress.com.\" \/>\n<meta name=\"robots\" content=\"index, follow, max-snippet:-1, max-image-preview:large, max-video-preview:-1\" \/>\n<link rel=\"canonical\" href=\"https:\/\/lapharmaciexpress.com\/?product=cialis-80-mg\" \/>\n<meta property=\"og:locale\" content=\"fr_FR\" \/>\n<meta property=\"og:type\" content=\"article\" \/>\n<meta property=\"og:title\" content=\"Cialis 80mg \u2013 Puissance maximale pour une \u00e9rection durable - La Pharmacie Express\" \/>\n<meta property=\"og:description\" content=\"Achetez Cialis 80 mg pour am\u00e9liorer vos performances masculines. Livraison discr\u00e8te et rapide depuis l\u2019Europe sur lapharmaciexpress.com.\" \/>\n<meta property=\"og:url\" content=\"https:\/\/lapharmaciexpress.com\/?product=cialis-80-mg\" \/>\n<meta property=\"og:site_name\" content=\"La Pharmacie Express\" \/>\n<meta property=\"article:modified_time\" content=\"2026-04-18T19:34:35+00:00\" \/>\n<meta property=\"og:image\" content=\"https:\/\/lapharmaciexpress.com\/wp-content\/uploads\/2026\/04\/Vidalista-80mg.jpg?wsr\" \/>\n\t<meta property=\"og:image:width\" content=\"600\" \/>\n\t<meta property=\"og:image:height\" content=\"560\" \/>\n\t<meta property=\"og:image:type\" content=\"image\/jpeg\" \/>\n<meta name=\"twitter:card\" content=\"summary_large_image\" \/>\n<meta name=\"twitter:label1\" content=\"Dur\u00e9e de lecture estim\u00e9e\" \/>\n\t<meta name=\"twitter:data1\" content=\"2 minutes\" \/>\n<script type=\"application\/ld+json\" class=\"yoast-schema-graph\">{\"@context\":\"https:\\\/\\\/schema.org\",\"@graph\":[{\"@type\":\"WebPage\",\"@id\":\"https:\\\/\\\/lapharmaciexpress.com\\\/?product=cialis-80-mg\",\"url\":\"https:\\\/\\\/lapharmaciexpress.com\\\/?product=cialis-80-mg\",\"name\":\"Cialis 80mg \u2013 Puissance maximale pour une \u00e9rection durable - La Pharmacie Express\",\"isPartOf\":{\"@id\":\"https:\\\/\\\/lapharmaciexpress.com\\\/#website\"},\"primaryImageOfPage\":{\"@id\":\"https:\\\/\\\/lapharmaciexpress.com\\\/?product=cialis-80-mg#primaryimage\"},\"image\":{\"@id\":\"https:\\\/\\\/lapharmaciexpress.com\\\/?product=cialis-80-mg#primaryimage\"},\"thumbnailUrl\":\"https:\\\/\\\/lapharmaciexpress.com\\\/wp-content\\\/uploads\\\/2026\\\/04\\\/Vidalista-80mg.jpg?wsr\",\"datePublished\":\"2026-04-18T19:34:07+00:00\",\"dateModified\":\"2026-04-18T19:34:35+00:00\",\"description\":\"Achetez Cialis 80 mg pour am\u00e9liorer vos performances masculines. Livraison discr\u00e8te et rapide depuis l\u2019Europe sur lapharmaciexpress.com.\",\"breadcrumb\":{\"@id\":\"https:\\\/\\\/lapharmaciexpress.com\\\/?product=cialis-80-mg#breadcrumb\"},\"inLanguage\":\"fr-FR\",\"potentialAction\":[{\"@type\":\"ReadAction\",\"target\":[\"https:\\\/\\\/lapharmaciexpress.com\\\/?product=cialis-80-mg\"]}]},{\"@type\":\"ImageObject\",\"inLanguage\":\"fr-FR\",\"@id\":\"https:\\\/\\\/lapharmaciexpress.com\\\/?product=cialis-80-mg#primaryimage\",\"url\":\"https:\\\/\\\/lapharmaciexpress.com\\\/wp-content\\\/uploads\\\/2026\\\/04\\\/Vidalista-80mg.jpg?wsr\",\"contentUrl\":\"https:\\\/\\\/lapharmaciexpress.com\\\/wp-content\\\/uploads\\\/2026\\\/04\\\/Vidalista-80mg.jpg?wsr\",\"width\":600,\"height\":560},{\"@type\":\"BreadcrumbList\",\"@id\":\"https:\\\/\\\/lapharmaciexpress.com\\\/?product=cialis-80-mg#breadcrumb\",\"itemListElement\":[{\"@type\":\"ListItem\",\"position\":1,\"name\":\"Accueil\",\"item\":\"https:\\\/\\\/lapharmaciexpress.com\\\/\"},{\"@type\":\"ListItem\",\"position\":2,\"name\":\"Boutique\",\"item\":\"https:\\\/\\\/lapharmaciexpress.com\\\/?page_id=6\"},{\"@type\":\"ListItem\",\"position\":3,\"name\":\"Cialis 80mg\"}]},{\"@type\":\"WebSite\",\"@id\":\"https:\\\/\\\/lapharmaciexpress.com\\\/#website\",\"url\":\"https:\\\/\\\/lapharmaciexpress.com\\\/\",\"name\":\"La Pharmacie Express\",\"description\":\"La pharmacie en ligne\",\"publisher\":{\"@id\":\"https:\\\/\\\/lapharmaciexpress.com\\\/#organization\"},\"potentialAction\":[{\"@type\":\"SearchAction\",\"target\":{\"@type\":\"EntryPoint\",\"urlTemplate\":\"https:\\\/\\\/lapharmaciexpress.com\\\/?s={search_term_string}\"},\"query-input\":{\"@type\":\"PropertyValueSpecification\",\"valueRequired\":true,\"valueName\":\"search_term_string\"}}],\"inLanguage\":\"fr-FR\"},{\"@type\":\"Organization\",\"@id\":\"https:\\\/\\\/lapharmaciexpress.com\\\/#organization\",\"name\":\"La Pharmacie Express\",\"url\":\"https:\\\/\\\/lapharmaciexpress.com\\\/\",\"logo\":{\"@type\":\"ImageObject\",\"inLanguage\":\"fr-FR\",\"@id\":\"https:\\\/\\\/lapharmaciexpress.com\\\/#\\\/schema\\\/logo\\\/image\\\/\",\"url\":\"https:\\\/\\\/lapharmaciexpress.com\\\/wp-content\\\/uploads\\\/2019\\\/07\\\/ico-Lapharmacie-express.png\",\"contentUrl\":\"https:\\\/\\\/lapharmaciexpress.com\\\/wp-content\\\/uploads\\\/2019\\\/07\\\/ico-Lapharmacie-express.png\",\"width\":362,\"height\":300,\"caption\":\"La Pharmacie Express\"},\"image\":{\"@id\":\"https:\\\/\\\/lapharmaciexpress.com\\\/#\\\/schema\\\/logo\\\/image\\\/\"}}]}<\/script>\n<!-- \/ Yoast SEO plugin. -->","yoast_head_json":{"title":"Cialis 80mg \u2013 Puissance maximale pour une \u00e9rection durable - La Pharmacie Express","description":"Achetez Cialis 80 mg pour am\u00e9liorer vos performances masculines. Livraison discr\u00e8te et rapide depuis l\u2019Europe sur lapharmaciexpress.com.","robots":{"index":"index","follow":"follow","max-snippet":"max-snippet:-1","max-image-preview":"max-image-preview:large","max-video-preview":"max-video-preview:-1"},"canonical":"https:\/\/lapharmaciexpress.com\/?product=cialis-80-mg","og_locale":"fr_FR","og_type":"article","og_title":"Cialis 80mg \u2013 Puissance maximale pour une \u00e9rection durable - La Pharmacie Express","og_description":"Achetez Cialis 80 mg pour am\u00e9liorer vos performances masculines. Livraison discr\u00e8te et rapide depuis l\u2019Europe sur lapharmaciexpress.com.","og_url":"https:\/\/lapharmaciexpress.com\/?product=cialis-80-mg","og_site_name":"La Pharmacie Express","article_modified_time":"2026-04-18T19:34:35+00:00","og_image":[{"width":600,"height":560,"url":"https:\/\/lapharmaciexpress.com\/wp-content\/uploads\/2026\/04\/Vidalista-80mg.jpg?wsr","type":"image\/jpeg"}],"twitter_card":"summary_large_image","twitter_misc":{"Dur\u00e9e de lecture estim\u00e9e":"2 minutes"},"schema":{"@context":"https:\/\/schema.org","@graph":[{"@type":"WebPage","@id":"https:\/\/lapharmaciexpress.com\/?product=cialis-80-mg","url":"https:\/\/lapharmaciexpress.com\/?product=cialis-80-mg","name":"Cialis 80mg \u2013 Puissance maximale pour une \u00e9rection durable - La Pharmacie Express","isPartOf":{"@id":"https:\/\/lapharmaciexpress.com\/#website"},"primaryImageOfPage":{"@id":"https:\/\/lapharmaciexpress.com\/?product=cialis-80-mg#primaryimage"},"image":{"@id":"https:\/\/lapharmaciexpress.com\/?product=cialis-80-mg#primaryimage"},"thumbnailUrl":"https:\/\/lapharmaciexpress.com\/wp-content\/uploads\/2026\/04\/Vidalista-80mg.jpg?wsr","datePublished":"2026-04-18T19:34:07+00:00","dateModified":"2026-04-18T19:34:35+00:00","description":"Achetez Cialis 80 mg pour am\u00e9liorer vos performances masculines. Livraison discr\u00e8te et rapide depuis l\u2019Europe sur lapharmaciexpress.com.","breadcrumb":{"@id":"https:\/\/lapharmaciexpress.com\/?product=cialis-80-mg#breadcrumb"},"inLanguage":"fr-FR","potentialAction":[{"@type":"ReadAction","target":["https:\/\/lapharmaciexpress.com\/?product=cialis-80-mg"]}]},{"@type":"ImageObject","inLanguage":"fr-FR","@id":"https:\/\/lapharmaciexpress.com\/?product=cialis-80-mg#primaryimage","url":"https:\/\/lapharmaciexpress.com\/wp-content\/uploads\/2026\/04\/Vidalista-80mg.jpg?wsr","contentUrl":"https:\/\/lapharmaciexpress.com\/wp-content\/uploads\/2026\/04\/Vidalista-80mg.jpg?wsr","width":600,"height":560},{"@type":"BreadcrumbList","@id":"https:\/\/lapharmaciexpress.com\/?product=cialis-80-mg#breadcrumb","itemListElement":[{"@type":"ListItem","position":1,"name":"Accueil","item":"https:\/\/lapharmaciexpress.com\/"},{"@type":"ListItem","position":2,"name":"Boutique","item":"https:\/\/lapharmaciexpress.com\/?page_id=6"},{"@type":"ListItem","position":3,"name":"Cialis 80mg"}]},{"@type":"WebSite","@id":"https:\/\/lapharmaciexpress.com\/#website","url":"https:\/\/lapharmaciexpress.com\/","name":"La Pharmacie Express","description":"La pharmacie en ligne","publisher":{"@id":"https:\/\/lapharmaciexpress.com\/#organization"},"potentialAction":[{"@type":"SearchAction","target":{"@type":"EntryPoint","urlTemplate":"https:\/\/lapharmaciexpress.com\/?s={search_term_string}"},"query-input":{"@type":"PropertyValueSpecification","valueRequired":true,"valueName":"search_term_string"}}],"inLanguage":"fr-FR"},{"@type":"Organization","@id":"https:\/\/lapharmaciexpress.com\/#organization","name":"La Pharmacie Express","url":"https:\/\/lapharmaciexpress.com\/","logo":{"@type":"ImageObject","inLanguage":"fr-FR","@id":"https:\/\/lapharmaciexpress.com\/#\/schema\/logo\/image\/","url":"https:\/\/lapharmaciexpress.com\/wp-content\/uploads\/2019\/07\/ico-Lapharmacie-express.png","contentUrl":"https:\/\/lapharmaciexpress.com\/wp-content\/uploads\/2019\/07\/ico-Lapharmacie-express.png","width":362,"height":300,"caption":"La Pharmacie Express"},"image":{"@id":"https:\/\/lapharmaciexpress.com\/#\/schema\/logo\/image\/"}}]}},"jetpack_sharing_enabled":true,"brands":[],"_links":{"self":[{"href":"https:\/\/lapharmaciexpress.com\/index.php?rest_route=\/wp\/v2\/product\/4355","targetHints":{"allow":["GET"]}}],"collection":[{"href":"https:\/\/lapharmaciexpress.com\/index.php?rest_route=\/wp\/v2\/product"}],"about":[{"href":"https:\/\/lapharmaciexpress.com\/index.php?rest_route=\/wp\/v2\/types\/product"}],"replies":[{"embeddable":true,"href":"https:\/\/lapharmaciexpress.com\/index.php?rest_route=%2Fwp%2Fv2%2Fcomments&post=4355"}],"wp:featuredmedia":[{"embeddable":true,"href":"https:\/\/lapharmaciexpress.com\/index.php?rest_route=\/wp\/v2\/media\/4356"}],"wp:attachment":[{"href":"https:\/\/lapharmaciexpress.com\/index.php?rest_route=%2Fwp%2Fv2%2Fmedia&parent=4355"}],"wp:term":[{"taxonomy":"pwb-brand","embeddable":true,"href":"https:\/\/lapharmaciexpress.com\/index.php?rest_route=%2Fwp%2Fv2%2Fpwb-brand&post=4355"},{"taxonomy":"product_brand","embeddable":true,"href":"https:\/\/lapharmaciexpress.com\/index.php?rest_route=%2Fwp%2Fv2%2Fproduct_brand&post=4355"},{"taxonomy":"product_cat","embeddable":true,"href":"https:\/\/lapharmaciexpress.com\/index.php?rest_route=%2Fwp%2Fv2%2Fproduct_cat&post=4355"},{"taxonomy":"product_tag","embeddable":true,"href":"https:\/\/lapharmaciexpress.com\/index.php?rest_route=%2Fwp%2Fv2%2Fproduct_tag&post=4355"}],"curies":[{"name":"wp","href":"https:\/\/api.w.org\/{rel}","templated":true}]}}